{"id":3423,"date":"2023-06-22T15:35:36","date_gmt":"2023-06-22T15:35:36","guid":{"rendered":"https:\/\/www.appyweb.es\/diccionario\/?post_type=project&#038;p=3423"},"modified":"2024-03-22T11:16:18","modified_gmt":"2024-03-22T11:16:18","slug":"poka-yoke","status":"publish","type":"page","link":"https:\/\/www.appyweb.es\/diccionario\/poka-yoke\/","title":{"rendered":"Poka-Yoke"},"content":{"rendered":"<h1><img loading=\"lazy\" decoding=\"async\" class=\"alignnone  wp-image-12287\" src=\"https:\/\/www.appyweb.es\/diccionario\/wp-content\/uploads\/2024\/03\/poka-yoke-300x180.jpg\" alt=\"Poka-Yoke\" width=\"977\" height=\"586\" srcset=\"https:\/\/www.appyweb.es\/diccionario\/wp-content\/uploads\/2024\/03\/poka-yoke-300x180.jpg 300w, https:\/\/www.appyweb.es\/diccionario\/wp-content\/uploads\/2024\/03\/poka-yoke-768x461.jpg 768w, https:\/\/www.appyweb.es\/diccionario\/wp-content\/uploads\/2024\/03\/poka-yoke.jpg 1000w\" sizes=\"auto, (max-width: 977px) 100vw, 977px\" \/><\/h1>\n<p>Se trata de una t\u00e9cnica\u00a0para la prevenci\u00f3n de errores en las operaciones de los sistemas, <strong>Poka Yoke proviene del japon\u00e9s<\/strong> que significa literalmente \u201ca prueba de errores\u201d.<\/p>\n<h2>\u00bfQu\u00e9 es el Poka-Yoke?<\/h2>\n<p>Esta es una estrategia japonesa que disminuye el \u00edndice de errores, ya sean autom\u00e1ticos o provocados por el hombre al crear un nuevo dispositivo. Aparte, la t\u00e9cnica Poka-Yoke tambi\u00e9n es utilizada para revelar fallas en el proceso y as\u00ed obtener un producto final de calidad.<\/p>\n<p>En este sentido, <strong>es un instrumento \u00fatil para las empresas que llevan a cabo tareas repetitivas<\/strong>, como en el caso del ensamblaje, que puede llegar hacer una labor tediosa y que tiende a confundir por la repetici\u00f3n del proceso. Tambi\u00e9n se utiliza con frecuencia en el <a href=\"https:\/\/www.appyweb.es\/desarrollo-app\/\">desarrollo de aplicaciones<\/a> y nuevos programas del Internet de las cosas.<\/p>\n<h2>\u00bfPor qu\u00e9 es importante el Poka-Yoke?<\/h2>\n<p>Contar con un sistema Poka-Yoke en una empresa es una forma de mejorar la calidad del producto, desde su inicio hasta el final de su creaci\u00f3n. Disminuye al m\u00e1ximo el margen de error, bien sea durante su elaboraci\u00f3n o su utilizaci\u00f3n por parte del consumidor final. Aparte, <strong>es una t\u00e9cnica que se considera econ\u00f3mica<\/strong> y que proporciona excelentes resultados, evitando accidentes.<\/p>\n<p>Asimismo, algunos te\u00f3ricos tambi\u00e9n tienen hacer referencia a que se trata de un sistema con una mejora continua, es decir, que el proceso intuitivo puede llegar a evolucionar, sobre todo mientras m\u00e1s adaptados est\u00e9n los usuarios al mecanismo. De esta forma, se vuelve m\u00e1s adaptable a diferentes escenarios y \u00e1reas de organizaci\u00f3n.<\/p>\n<h2>Origen de Poka-Yoke<\/h2>\n<p>El inicio de esta t\u00e9cnica reside en Jap\u00f3n, gracias a que fue ideado por el ingeniero Shigeo Shingo cuando trabajaba en la empresa Toyota, en los a\u00f1os 60. Sin embargo, es necesario mencionar que la t\u00e9cnica ya hab\u00eda sido empleada en diferentes \u00e1mbitos, pero fue con ayuda de este profesional <strong>se empez\u00f3 a utilizar dentro del control de la calidad<\/strong>, especialmente para el sistema de producci\u00f3n de Toyota.<\/p>\n<p>De esta forma, redujo al m\u00e1ximo el defecto de las piezas fabricadas, debido a que se correg\u00edan de los errores que se provocan forma consecuente. Empez\u00f3 a hacer \u00e9nfasis en que incluso en las cosas m\u00e1s obvias e importantes hab\u00eda de implementar un sistema de detecci\u00f3n de errores para evitar que se cometan en el futuro y mejorar el proceso de producci\u00f3n.<\/p>\n<h2>\u00bfPara qu\u00e9 sirve el Poka-Yoke?<\/h2>\n<p>Es una herramienta que <strong>sirve para la detecci\u00f3n de fallos o errores en la maquinaria<\/strong>, especialmente las que necesiten del contacto con el hombre para realizar su funci\u00f3n. Igualmente, es muy usado para prevenir inconvenientes con equipos electr\u00f3nicos. Se encarga de establecer condiciones en su uso, para evitar que el consumidor pueda provocar un da\u00f1o al equipo.<\/p>\n<p><script type=\"application\/ld+json\">{\"@context\":\"https:\/\/schema.org\",\"@type\":\"FAQPage\",\"mainEntity\":[ \n{\"@type\":\"Question\",\"name\":\"\ud83d\udccc \u00bfQu\u00e9 es el Poka-Yoke?\",\"acceptedAnswer\":{\"@type\":\"Answer\",\"text\":\"<\/p>\n<p>Esta es una estrategia japonesa que disminuye el \u00edndice de errores, ya sean autom\u00e1ticos o provocados por el hombre al crear un nuevo dispositivo. Aparte, la t\u00e9cnica Poka-Yoke tambi\u00e9n es utilizada para revelar fallas en el proceso y as\u00ed obtener un producto final de calidad.<\/p>\n<p>En este sentido, <strong>es un instrumento \u00fatil para las empresas que llevan a cabo tareas repetitivas<\/strong>, como en el caso del ensamblaje, que puede llegar hacer una labor tediosa y que tiende a confundir por la repetici\u00f3n del proceso. Tambi\u00e9n se utiliza con frecuencia en el <a href='https:\/\/www.appyweb.es\/desarrollo-app\/'>desarrollo de aplicaciones<\/a> y nuevos programas del Internet de las cosas.<\/p>\n<p>\"}},\n{\"@type\":\"Question\",\"name\":\"\ud83d\udccc \u00bfPor qu\u00e9 es importante el Poka-Yoke?\",\"acceptedAnswer\":{\"@type\":\"Answer\",\"text\":\"<\/p>\n<p>Contar con un sistema Poka-Yoke en una empresa es una forma de mejorar la calidad del producto, desde su inicio hasta el final de su creaci\u00f3n. Disminuye al m\u00e1ximo el margen de error, bien sea durante su elaboraci\u00f3n o su utilizaci\u00f3n por parte del consumidor final. Aparte, <strong>es una t\u00e9cnica que se considera econ\u00f3mica<\/strong> y que proporciona excelentes resultados, evitando accidentes.<\/p>\n<p>Asimismo, algunos te\u00f3ricos tambi\u00e9n tienen hacer referencia a que se trata de un sistema con una mejora continua, es decir, que el proceso intuitivo puede llegar a evolucionar, sobre todo mientras m\u00e1s adaptados est\u00e9n los usuarios al mecanismo. De esta forma, se vuelve m\u00e1s adaptable a diferentes escenarios y \u00e1reas de organizaci\u00f3n.<\/p>\n<p>\"}},\n{\"@type\":\"Question\",\"name\":\"\ud83d\udccc Origen de Poka-Yoke\",\"acceptedAnswer\":{\"@type\":\"Answer\",\"text\":\"<\/p>\n<p>El inicio de esta t\u00e9cnica reside en Jap\u00f3n, gracias a que fue ideado por el ingeniero Shigeo Shingo cuando trabajaba en la empresa Toyota, en los a\u00f1os 60. Sin embargo, es necesario mencionar que la t\u00e9cnica ya hab\u00eda sido empleada en diferentes \u00e1mbitos, pero fue con ayuda de este profesional <strong>se empez\u00f3 a utilizar dentro del control de la calidad<\/strong>, especialmente para el sistema de producci\u00f3n de Toyota.<\/p>\n<p>De esta forma, redujo al m\u00e1ximo el defecto de las piezas fabricadas, debido a que se correg\u00edan de los errores que se provocan forma consecuente. Empez\u00f3 a hacer \u00e9nfasis en que incluso en las cosas m\u00e1s obvias e importantes hab\u00eda de implementar un sistema de detecci\u00f3n de errores para evitar que se cometan en el futuro y mejorar el proceso de producci\u00f3n.<\/p>\n<p>\"}},\n{\"@type\":\"Question\",\"name\":\"\ud83d\udccc \u00bfPara qu\u00e9 sirve el Poka-Yoke?\",\"acceptedAnswer\":{\"@type\":\"Answer\",\"text\":\"<\/p>\n<p>Es una herramienta que <strong>sirve para la detecci\u00f3n de fallos o errores en la maquinaria<\/strong>, especialmente las que necesiten del contacto con el hombre para realizar su funci\u00f3n. Igualmente, es muy usado para prevenir inconvenientes con equipos electr\u00f3nicos. Se encarga de establecer condiciones en su uso, para evitar que el consumidor pueda provocar un da\u00f1o al equipo.<\/p>\n<p>\"}}\n]}<\/script><\/p>\n<h2>M\u00e1s informaci\u00f3n sobre Poka-Yoke<\/h2>\n<p>Uno de los ejemplos m\u00e1s comunes de este sistema de producci\u00f3n es el USB, ya que <strong>funciona para que sea introducido de forma correcta <\/strong>y pueda bloquear la entrada en caso de que est\u00e9 al rev\u00e9s. Tambi\u00e9n existe en otros dispositivos, como la puerta de los microondas y el cintur\u00f3n de seguridad del coche. Si quieres aprender un poco m\u00e1s sobre esto, mira los siguientes enlaces.<\/p>\n<ul>\n<li><a href=\"https:\/\/www.appyweb.es\/gestionar-manera-adecuada-crisis-online\/\">C\u00f3mo gestionar de manera adecuada una crisis online<\/a><\/li>\n<li><a href=\"https:\/\/es.wikipedia.org\/wiki\/Poka-yoke#Los_poka-yokes_en_la_actualidad\" rel=\"nofollow noopener\" target=\"_blank\">\u00bfC\u00f3mo funcionan los poka-yokes en la actualidad?<\/a><\/li>\n<\/ul>\n<p>&nbsp;<\/p>\n<p>&nbsp;<\/p>\n","protected":false},"excerpt":{"rendered":"<p>Se trata de una t\u00e9cnica\u00a0para la prevenci\u00f3n de errores en las operaciones de los sistemas, Poka Yoke proviene del japon\u00e9s que significa literalmente \u201ca prueba de errores\u201d. \u00bfQu\u00e9 es el Poka-Yoke? Esta es una estrategia japonesa que disminuye el \u00edndice de errores, ya sean autom\u00e1ticos o provocados por el hombre al crear un nuevo dispositivo. [&hellip;]<\/p>\n","protected":false},"author":1,"featured_media":12287,"parent":0,"menu_order":0,"comment_status":"open","ping_status":"closed","template":"","meta":{"inline_featured_image":false,"footnotes":""},"class_list":["post-3423","page","type-page","status-publish","has-post-thumbnail","hentry"],"_links":{"self":[{"href":"https:\/\/www.appyweb.es\/diccionario\/wp-json\/wp\/v2\/pages\/3423","targetHints":{"allow":["GET"]}}],"collection":[{"href":"https:\/\/www.appyweb.es\/diccionario\/wp-json\/wp\/v2\/pages"}],"about":[{"href":"https:\/\/www.appyweb.es\/diccionario\/wp-json\/wp\/v2\/types\/page"}],"author":[{"embeddable":true,"href":"https:\/\/www.appyweb.es\/diccionario\/wp-json\/wp\/v2\/users\/1"}],"replies":[{"embeddable":true,"href":"https:\/\/www.appyweb.es\/diccionario\/wp-json\/wp\/v2\/comments?post=3423"}],"version-history":[{"count":5,"href":"https:\/\/www.appyweb.es\/diccionario\/wp-json\/wp\/v2\/pages\/3423\/revisions"}],"predecessor-version":[{"id":12289,"href":"https:\/\/www.appyweb.es\/diccionario\/wp-json\/wp\/v2\/pages\/3423\/revisions\/12289"}],"wp:featuredmedia":[{"embeddable":true,"href":"https:\/\/www.appyweb.es\/diccionario\/wp-json\/wp\/v2\/media\/12287"}],"wp:attachment":[{"href":"https:\/\/www.appyweb.es\/diccionario\/wp-json\/wp\/v2\/media?parent=3423"}],"curies":[{"name":"wp","href":"https:\/\/api.w.org\/{rel}","templated":true}]}}