{"id":346,"date":"2023-06-19T14:49:22","date_gmt":"2023-06-19T14:49:22","guid":{"rendered":"https:\/\/www.appyweb.es\/diccionario\/?page_id=346"},"modified":"2024-03-17T21:44:10","modified_gmt":"2024-03-17T21:44:10","slug":"business-intelligence-bi","status":"publish","type":"page","link":"https:\/\/www.appyweb.es\/diccionario\/business-intelligence-bi\/","title":{"rendered":"Business Intelligence (BI)"},"content":{"rendered":"<h1><img loading=\"lazy\" decoding=\"async\" class=\" wp-image-10584 aligncenter\" src=\"https:\/\/www.appyweb.es\/diccionario\/wp-content\/uploads\/2023\/09\/que-es-Business-Intelligence-BI-300x187.jpg\" alt=\"\" width=\"853\" height=\"532\" srcset=\"https:\/\/www.appyweb.es\/diccionario\/wp-content\/uploads\/2023\/09\/que-es-Business-Intelligence-BI-300x187.jpg 300w, https:\/\/www.appyweb.es\/diccionario\/wp-content\/uploads\/2023\/09\/que-es-Business-Intelligence-BI-1024x638.jpg 1024w, https:\/\/www.appyweb.es\/diccionario\/wp-content\/uploads\/2023\/09\/que-es-Business-Intelligence-BI-768x479.jpg 768w, https:\/\/www.appyweb.es\/diccionario\/wp-content\/uploads\/2023\/09\/que-es-Business-Intelligence-BI.jpg 1080w\" sizes=\"auto, (max-width: 853px) 100vw, 853px\" \/><\/h1>\n<p>Es una pr\u00e1ctica que se basa en procesar una base de datos, normalmente generados de forma masiva, ya sea en la Internet o de manera tradicional,\u00a0 para facilitar la <a href=\"https:\/\/diseno20.appyweb.es\/design-thinking\/\" rel=\"nofollow noopener\" target=\"_blank\">toma de decisiones en las empresas<\/a>.<br \/>\n<strong>Business intelligence permite comprender acontecimientos que pasar\u00e1n en el futuro<\/strong>\u00a0y en funcionamiento actual de un negocio para respaldar otros objetivos.<\/p>\n<h2>\u00bfOrigen de la palabra Business Intelligence (BI)?<\/h2>\n<p>Se traduce del ingl\u00e9s como \u201cinteligencia de negocio\u201d, tiene antecedentes desde el siglo XIX. Se utiliz\u00f3 de forma oficial en 1958 en un art\u00edculo llamado \u201cA Business Intelligence System\u201d de Hans Peter Luhn, investigador de IBM, <strong>sent\u00f3 las bases de lo que hoy se conoce como BI<\/strong>.<\/p>\n<h2>\u00bfC\u00f3mo funciona el Business Intelligence?<\/h2>\n<p>El BI nos permite comprender todos los <strong>datos que genera una empresa para interpretarlos correctamente<\/strong>, a trav\u00e9s de tecnolog\u00edas y la aplicaci\u00f3n de metodolog\u00edas de recopilaci\u00f3n. El objetivo principal es permitir tomar la decisi\u00f3n correcta, disminuyendo el margen de error, lo que tambi\u00e9n puede ser \u00fatil para predecir posibles resultados de manera eficiente. Es muy utilizado para conocer el impacto de <a href=\"https:\/\/diseno20.appyweb.es\/estrategia-marketing-360\/\" rel=\"nofollow noopener\" target=\"_blank\">campa\u00f1as de marketing digital<\/a>. Entre otras funcionalidades se encuentran las siguientes.<\/p>\n<ul>\n<li>Accesibilidad, todos los datos investigados deber\u00e1n ser <strong>recopilados de forma independiente<\/strong> y a trav\u00e9s de diferentes tipos de herramientas.<\/li>\n<li>Segmentaci\u00f3n, los usuarios o las empresas que utilicen esta metodolog\u00eda pueden seleccionar solo aquellos datos que m\u00e1s les interesa.<\/li>\n<li>Big Data, utiliza esta herramienta para obtener datos en cantidades masivas.<\/li>\n<li>Orientaci\u00f3n, se busca que todos los datos obtenidos pueden ser <strong>interpretados f\u00e1cilmente por cualquier tipo de usuario<\/strong>.<\/li>\n<\/ul>\n<h2>Diferencias entre BI y el Big Data<\/h2>\n<p>Ambas pr\u00e1cticas se dedican a la misma finalidad, recopilar informaci\u00f3n y datos en altas cantidades. Sin embargo, la diferencia que los separa tiene que ver con el an\u00e1lisis de los mismos.<br \/>\nMientras que el Big Data puede recopilar, almacenar y procesar datos, <strong>el BI utiliza esa informaci\u00f3n para realizar procesos de an\u00e1lisis<\/strong>, es decir, convertir esa informaci\u00f3n en conocimiento, para luego utilizarla a favor o en contra para tomar una decisi\u00f3n de negocio.<\/p>\n<p>Suele ser muy utilizada para analizar la audiencia y las tendencias en Internet, de forma que sea m\u00e1s f\u00e1cil implementar <a href=\"https:\/\/diseno20.appyweb.es\/campanas-google-adwords\/\" rel=\"nofollow noopener\" target=\"_blank\">estrategias de Google Adwords<\/a> o anuncios en buscadores.<\/p>\n<h2>Ejemplos de Business Intelligence<\/h2>\n<p>Uno de los mejores ejemplos de esta pr\u00e1ctica es Walmart, esta cadena de supermercados y tiendas departamentales realiza frecuentemente una recopilaci\u00f3n de datos, se basan en el comportamiento de sus consumidores. De esta forma, <strong>realizan an\u00e1lisis de cu\u00e1les son los productos m\u00e1s vendidos<\/strong> y cu\u00e1les son las tendencias populares, de forma que puedan tomar decisiones, c\u00f3mo hacer descuentos, promociones o campa\u00f1as publicitarias.<\/p>\n<p><script type=\"application\/ld+json\">{\"@context\":\"https:\/\/schema.org\",\"@type\":\"FAQPage\",\"mainEntity\":[ \n{\"@type\":\"Question\",\"name\":\"\u00bfOrigen de la palabra?\",\"acceptedAnswer\":{\"@type\":\"Answer\",\"text\":\"<\/p>\n<\/p>\n<p>Se traduce del ingl\u00e9s como \u201cinteligencia de negocio\u201d, tiene antecedentes desde el siglo XIX. Se utiliz\u00f3 de forma oficial en 1958 en un art\u00edculo llamado \u201cA Business Intelligence System\u201d de Hans Peter Luhn, investigador de IBM, <strong>sent\u00f3 las bases de lo que hoy se conoce como BI<\/strong>.<\/p>\n<\/p>\n<p>\"}},\n{\"@type\":\"Question\",\"name\":\"\u00bfC\u00f3mo funciona el Business Intelligence?\",\"acceptedAnswer\":{\"@type\":\"Answer\",\"text\":\"<\/p>\n<\/p>\n<p>El BI nos permite comprender todos los <strong>datos que genera una empresa para interpretarlos correctamente<\/strong>, a trav\u00e9s de tecnolog\u00edas y la aplicaci\u00f3n de metodolog\u00edas de recopilaci\u00f3n. El objetivo principal es permitir tomar la decisi\u00f3n correcta, disminuyendo el margen de error, lo que tambi\u00e9n puede ser \u00fatil para predecir posibles resultados de manera eficiente. Es muy utilizado para conocer el impacto de <a href='https:\/\/diseno20.appyweb.es\/estrategia-marketing-360\/'>campa\u00f1as de marketing digital<\/a>. Entre otras funcionalidades se encuentran las siguientes.<\/p>\n<\/p>\n<\/p>\n<ul>\n<\/p>\n<li>Accesibilidad, todos los datos investigados deber\u00e1n ser <strong>recopilados de forma independiente<\/strong> y a trav\u00e9s de diferentes tipos de herramientas.<\/li>\n<\/p>\n<li>Segmentaci\u00f3n, los usuarios o las empresas que utilicen esta metodolog\u00eda pueden seleccionar solo aquellos datos que m\u00e1s les interesa.<\/li>\n<\/p>\n<li>Big Data, utiliza esta herramienta para obtener datos en cantidades masivas.<\/li>\n<\/p>\n<li>Orientaci\u00f3n, se busca que todos los datos obtenidos pueden ser <strong>interpretados f\u00e1cilmente por cualquier tipo de usuario<\/strong>.<\/li>\n<\/ul>\n<p>\"}},\n{\"@type\":\"Question\",\"name\":\"Diferencias entre BI y el Big Data\",\"acceptedAnswer\":{\"@type\":\"Answer\",\"text\":\"<\/p>\n<\/p>\n<p>Ambas pr\u00e1cticas se dedican a la misma finalidad, recopilar informaci\u00f3n y datos en altas cantidades. Sin embargo, la diferencia que los separa tiene que ver con el an\u00e1lisis de los mismos. <br \/>Mientras que el Big Data puede recopilar, almacenar y procesar datos, <strong>el BI utiliza esa informaci\u00f3n para realizar procesos de an\u00e1lisis<\/strong>, es decir, convertir esa informaci\u00f3n en conocimiento, para luego utilizarla a favor o en contra para tomar una decisi\u00f3n de negocio.<\/p>\n<\/p>\n<\/p>\n<p>Suele ser muy utilizada para analizar la audiencia y las tendencias en Internet, de forma que sea m\u00e1s f\u00e1cil implementar <a href='https:\/\/diseno20.appyweb.es\/campanas-google-adwords\/'>estrategias de Google Adwords<\/a> o anuncios en buscadores.<\/p>\n<\/p>\n<p>\"}},\n{\"@type\":\"Question\",\"name\":\"Ejemplos de Business Intelligence\",\"acceptedAnswer\":{\"@type\":\"Answer\",\"text\":\"<\/p>\n<\/p>\n<p>Uno de los mejores ejemplos de esta pr\u00e1ctica es Walmart, esta cadena de supermercados y tiendas departamentales realiza frecuentemente una recopilaci\u00f3n de datos, se basan en el comportamiento de sus consumidores. De esta forma, <strong>realizan an\u00e1lisis de cu\u00e1les son los productos m\u00e1s vendidos<\/strong> y cu\u00e1les son las tendencias populares, de forma que puedan tomar decisiones, c\u00f3mo hacer descuentos, promociones o campa\u00f1as publicitarias.<\/p>\n<\/p>\n<p>\"}}\n]}<\/script><\/p>\n<h2><span id=\"%F0%9F%93%8C_Mas_informacion_sobre_Business_Intelligence\" class=\"ez-toc-section\"><\/span>M\u00e1s informaci\u00f3n sobre Business Intelligence<\/h2>\n<ul>\n<li><a href=\"https:\/\/www.appyweb.es\/diccionario\/Big-Data\/\">\u00bfQu\u00e9 es el Big Data y para qu\u00e9 sirve?<\/a><\/li>\n<li><a href=\"https:\/\/www.universidadviu.com\/business-intelligence-cuales-aspectos-clave\/\" rel=\"nofollow noopener\" target=\"_blank\">Aspectos claves del Business Intelligence<\/a>.<\/li>\n<\/ul>\n<p>&nbsp;<\/p>\n","protected":false},"excerpt":{"rendered":"<p>Es una pr\u00e1ctica que se basa en procesar una base de datos, normalmente generados de forma masiva, ya sea en la Internet o de manera tradicional,\u00a0 para facilitar la toma de decisiones en las empresas. Business intelligence permite comprender acontecimientos que pasar\u00e1n en el futuro\u00a0y en funcionamiento actual de un negocio para respaldar otros objetivos. [&hellip;]<\/p>\n","protected":false},"author":1,"featured_media":10584,"parent":0,"menu_order":0,"comment_status":"closed","ping_status":"closed","template":"","meta":{"inline_featured_image":false,"footnotes":""},"class_list":["post-346","page","type-page","status-publish","has-post-thumbnail","hentry"],"_links":{"self":[{"href":"https:\/\/www.appyweb.es\/diccionario\/wp-json\/wp\/v2\/pages\/346","targetHints":{"allow":["GET"]}}],"collection":[{"href":"https:\/\/www.appyweb.es\/diccionario\/wp-json\/wp\/v2\/pages"}],"about":[{"href":"https:\/\/www.appyweb.es\/diccionario\/wp-json\/wp\/v2\/types\/page"}],"author":[{"embeddable":true,"href":"https:\/\/www.appyweb.es\/diccionario\/wp-json\/wp\/v2\/users\/1"}],"replies":[{"embeddable":true,"href":"https:\/\/www.appyweb.es\/diccionario\/wp-json\/wp\/v2\/comments?post=346"}],"version-history":[{"count":9,"href":"https:\/\/www.appyweb.es\/diccionario\/wp-json\/wp\/v2\/pages\/346\/revisions"}],"predecessor-version":[{"id":11464,"href":"https:\/\/www.appyweb.es\/diccionario\/wp-json\/wp\/v2\/pages\/346\/revisions\/11464"}],"wp:featuredmedia":[{"embeddable":true,"href":"https:\/\/www.appyweb.es\/diccionario\/wp-json\/wp\/v2\/media\/10584"}],"wp:attachment":[{"href":"https:\/\/www.appyweb.es\/diccionario\/wp-json\/wp\/v2\/media?parent=346"}],"curies":[{"name":"wp","href":"https:\/\/api.w.org\/{rel}","templated":true}]}}