{"id":3489,"date":"2023-06-22T15:54:06","date_gmt":"2023-06-22T15:54:06","guid":{"rendered":"https:\/\/www.appyweb.es\/diccionario\/?post_type=project&#038;p=3489"},"modified":"2024-03-25T08:29:19","modified_gmt":"2024-03-25T08:29:19","slug":"proceso-de-ventas","status":"publish","type":"page","link":"https:\/\/www.appyweb.es\/diccionario\/proceso-de-ventas\/","title":{"rendered":"Proceso de Ventas"},"content":{"rendered":"<h1><img loading=\"lazy\" decoding=\"async\" class=\"alignnone  wp-image-12366\" src=\"https:\/\/www.appyweb.es\/diccionario\/wp-content\/uploads\/2024\/03\/proceso-de-ventas-300x180.jpg\" alt=\"Proceso de Ventas\" width=\"972\" height=\"583\" srcset=\"https:\/\/www.appyweb.es\/diccionario\/wp-content\/uploads\/2024\/03\/proceso-de-ventas-300x180.jpg 300w, https:\/\/www.appyweb.es\/diccionario\/wp-content\/uploads\/2024\/03\/proceso-de-ventas-768x461.jpg 768w, https:\/\/www.appyweb.es\/diccionario\/wp-content\/uploads\/2024\/03\/proceso-de-ventas.jpg 1000w\" sizes=\"auto, (max-width: 972px) 100vw, 972px\" \/><\/h1>\n<p>Se trata de una serie de pasos que puede ser construido por una empresa en un sitio web, de forma que permita llevar al usuario hacia una compra. <strong>El proceso de ventas est\u00e1 muy relacionado con el Inbound Marketing<\/strong>, ya que se utiliza con estrategias no invasivas.<\/p>\n<h2>\u00bfQu\u00e9 es el proceso de ventas?<\/h2>\n<p>Tambi\u00e9n llamado etapas de ventas, es el conjunto de pasos que siguen los usuarios en un sitio web que pueden llevarlos a comprar. <strong>El proceso involucra estrategias de navegaci\u00f3n, promociones y dem\u00e1s<\/strong> para impulsar al usuario de forma natural. Se <a href=\"https:\/\/www.appyweb.es\/embudo-ventas-e-commerce\/\">aplica en el embudo de ventas<\/a> para seleccionar usuarios que s\u00ed tengan potencial como clientes.<\/p>\n<p>La forma en c\u00f3mo se establecen estas etapas depender\u00e1 de muchos factores, principalmente del tipo de empresa, el sector, la audiencia y las plataformas que se utilizan para vender. De esta forma, aunque bien se utiliza con frecuencia en inbound, tambi\u00e9n se deben establecer pasos para las estrategias SEM o por anuncios.<\/p>\n<h2>\u00bfPara qu\u00e9 sirve el proceso de ventas?<\/h2>\n<p>Su principal <strong>funcionalidad es garantizar la efectividad de las estrategias<\/strong>, llevar un control y una gesti\u00f3n de todos los movimientos de compras a favor de la empresa. En la creaci\u00f3n del proceso de ventas se involucran detalles y factores que son controlados de forma discreta para garantizar que el usuario se sienta genuinamente interesado.<\/p>\n<p>De esta forma, se establecen estrategias de marketing de atracci\u00f3n, no solo con la finalidad de vender, sino con el objetivo de convertir, para hacer una selecci\u00f3n de usuarios que s\u00ed tienen posibilidad de comprar. Esto permite concentrar los esfuerzos en usuarios que s\u00ed comprar\u00e1n, hasta se pueden aplicar nutrici\u00f3n de leads para garantizar que aquellos que no est\u00e1n muy seguros vuelvan a comprar pronto.<\/p>\n<h2>\u00bfCu\u00e1les son las etapas del proceso de ventas?<\/h2>\n<ul>\n<li><strong>Atenci\u00f3n<\/strong>: Consiste en hacer recursos atractivos para los usuarios en Internet, como contenidos, blogposts, publicaciones en redes sociales, etc.<\/li>\n<li><strong>Inter\u00e9s<\/strong>: Seguidamente se capta su inter\u00e9s, se pueden introducir estrategias m\u00e1s comerciales, descuentos, ofertas, etc.<\/li>\n<li><strong>Deseo<\/strong>: En la tercera etapa se produce el deseo, aqu\u00ed se incentivan compras personalizadas o se hacen propuestas m\u00e1s atractivas, cupones, 2&#215;1, etc.<\/li>\n<li><strong>Acci\u00f3n<\/strong>: Finalmente, se impulsa la compra, el usuario compra y puede recomendarlo a sus conocidos.<\/li>\n<\/ul>\n<h2>Importancia del proceso de ventas<\/h2>\n<p>Una de las principales razones para invertir en realizar en un proceso de ventas es porque acudir de forma directa al cliente no logra tantos resultados como antes. Una buena oferta o promoci\u00f3n incluso necesita un apoyo adicional para que pueda ser considerada entre los consumidores. Es aqu\u00ed donde entra el factor <em>valor<\/em>, los usuarios no solo quieren comprar, sino tener toda una experiencia.<\/p>\n<p>Es por eso que <strong>en estas etapas se utilizan tantas estrategias y pruebas<\/strong>, porque al final del d\u00eda, todo debe girar al rededor del usuario. Este debe darse cuenta de que la empresa no solo se preocupa por vender, sino tambi\u00e9n por conocerlo mejor, saber qu\u00e9 es importante para \u00e9l, no solo es sustancial para vender actualmente, sino tambi\u00e9n para garantizar que el consumidor vuelva a comprar siempre.<\/p>\n<p><script type=\"application\/ld+json\">{\"@context\":\"https:\/\/schema.org\",\"@type\":\"FAQPage\",\"mainEntity\":[ \n{\"@type\":\"Question\",\"name\":\"\ud83d\udccc \u00bfQu\u00e9 es el proceso de ventas?\",\"acceptedAnswer\":{\"@type\":\"Answer\",\"text\":\"<\/p>\n<p>Tambi\u00e9n llamado etapas de ventas, es el conjunto de pasos que siguen los usuarios en un sitio web que pueden llevarlos a comprar. <strong>El proceso involucra estrategias de navegaci\u00f3n, promociones y dem\u00e1s<\/strong> para impulsar al usuario de forma natural. Se <a href='https:\/\/www.appyweb.es\/embudo-ventas-e-commerce\/'>aplica en el embudo de ventas<\/a> para seleccionar usuarios que s\u00ed tengan potencial como clientes.<\/p>\n<p>La forma en c\u00f3mo se establecen estas etapas depender\u00e1 de muchos factores, principalmente del tipo de empresa, el sector, la audiencia y las plataformas que se utilizan para vender. De esta forma, aunque bien se utiliza con frecuencia en inbound, tambi\u00e9n se deben establecer pasos para las estrategias SEM o por anuncios.<\/p>\n<p>\"}},\n{\"@type\":\"Question\",\"name\":\"\ud83d\udccc \u00bfPara qu\u00e9 sirve el proceso de ventas?\",\"acceptedAnswer\":{\"@type\":\"Answer\",\"text\":\"<\/p>\n<p>Su principal <strong>funcionalidad es garantizar la efectividad de las estrategias<\/strong>, llevar un control y una gesti\u00f3n de todos los movimientos de compras a favor de la empresa. En la creaci\u00f3n del proceso de ventas se involucran detalles y factores que son controlados de forma discreta para garantizar que el usuario se sienta genuinamente interesado.<\/p>\n<p>De esta forma, se establecen estrategias de marketing de atracci\u00f3n, no solo con la finalidad de vender, sino con el objetivo de convertir, para hacer una selecci\u00f3n de usuarios que s\u00ed tienen posibilidad de comprar. Esto permite concentrar los esfuerzos en usuarios que s\u00ed comprar\u00e1n, hasta se pueden aplicar nutrici\u00f3n de leads para garantizar que aquellos que no est\u00e1n muy seguros vuelvan a comprar pronto.<\/p>\n<p>\"}},\n{\"@type\":\"Question\",\"name\":\"\ud83d\udccc \u00bfCu\u00e1les son las etapas del proceso de ventas?\",\"acceptedAnswer\":{\"@type\":\"Answer\",\"text\":\"<\/p>\n<\/p>\n<ul>\n<\/p>\n<li><strong>Atenci\u00f3n<\/strong>: Consiste en hacer recursos atractivos para los usuarios en Internet, como contenidos, blogposts, publicaciones en redes sociales, etc.<\/li>\n<\/p>\n<\/p>\n<\/p>\n<li><strong>Inter\u00e9s<\/strong>: Seguidamente se capta su inter\u00e9s, se pueden introducir estrategias m\u00e1s comerciales, descuentos, ofertas, etc.<\/li>\n<\/p>\n<\/p>\n<\/p>\n<li><strong>Deseo<\/strong>: En la tercera etapa se produce el deseo, aqu\u00ed se incentivan compras personalizadas o se hacen propuestas m\u00e1s atractivas, cupones, 2x1, etc.<\/li>\n<\/p>\n<\/p>\n<\/p>\n<li><strong>Acci\u00f3n<\/strong>: Finalmente, se impulsa la compra, el usuario compra y puede recomendarlo a sus conocidos.<\/li>\n<\/p>\n<\/p>\n<\/ul>\n<\/p>\n<\/p>\n<p>\"}},\n{\"@type\":\"Question\",\"name\":\"\ud83d\udccc Importancia del proceso de ventas\",\"acceptedAnswer\":{\"@type\":\"Answer\",\"text\":\"<\/p>\n<p>Una de las principales razones para invertir en realizar en un proceso de ventas es porque acudir de forma directa al cliente no logra tantos resultados como antes. Una buena oferta o promoci\u00f3n incluso necesita un apoyo adicional para que pueda ser considerada entre los consumidores. Es aqu\u00ed donde entra el factor <em>valor<\/em>, los usuarios no solo quieren comprar, sino tener toda una experiencia.<\/p>\n<p>Es por eso que <strong>en estas etapas se utilizan tantas estrategias y pruebas<\/strong>, porque al final del d\u00eda, todo debe girar al rededor del usuario. Este debe darse cuenta de que la empresa no solo se preocupa por vender, sino tambi\u00e9n por conocerlo mejor, saber qu\u00e9 es importante para \u00e9l, no solo es sustancial para vender actualmente, sino tambi\u00e9n para garantizar que el consumidor vuelva a comprar siempre.<\/p>\n<p>\"}}\n]}<\/script><\/p>\n<h2>M\u00e1s informaci\u00f3n sobre proceso de ventas<\/h2>\n<p>Actualmente, estas etapas han sido perfeccionadas y hasta incluyen m\u00e1s pasos, o han cambiado de estructura \u00bfquieres saber c\u00f3mo funcionan? mira estos enlaces.<\/p>\n<ul>\n<li><a href=\"https:\/\/www.appyweb.es\/diccionario\/flywheel\/\">\u00bfQu\u00e9 es Flywheel y para qu\u00e9 sirve?<\/a><\/li>\n<li><a href=\"https:\/\/www.merca20.com\/8-pasos-para-desarrollar-un-proceso-de-ventas\/\" rel=\"nofollow noopener\" target=\"_blank\">8 Pasos para desarrollar un proceso de ventas<\/a><\/li>\n<\/ul>\n<p>&nbsp;<\/p>\n","protected":false},"excerpt":{"rendered":"<p>Se trata de una serie de pasos que puede ser construido por una empresa en un sitio web, de forma que permita llevar al usuario hacia una compra. El proceso de ventas est\u00e1 muy relacionado con el Inbound Marketing, ya que se utiliza con estrategias no invasivas. \u00bfQu\u00e9 es el proceso de ventas? Tambi\u00e9n llamado [&hellip;]<\/p>\n","protected":false},"author":1,"featured_media":12366,"parent":0,"menu_order":0,"comment_status":"open","ping_status":"closed","template":"","meta":{"inline_featured_image":false,"footnotes":""},"class_list":["post-3489","page","type-page","status-publish","has-post-thumbnail","hentry"],"_links":{"self":[{"href":"https:\/\/www.appyweb.es\/diccionario\/wp-json\/wp\/v2\/pages\/3489","targetHints":{"allow":["GET"]}}],"collection":[{"href":"https:\/\/www.appyweb.es\/diccionario\/wp-json\/wp\/v2\/pages"}],"about":[{"href":"https:\/\/www.appyweb.es\/diccionario\/wp-json\/wp\/v2\/types\/page"}],"author":[{"embeddable":true,"href":"https:\/\/www.appyweb.es\/diccionario\/wp-json\/wp\/v2\/users\/1"}],"replies":[{"embeddable":true,"href":"https:\/\/www.appyweb.es\/diccionario\/wp-json\/wp\/v2\/comments?post=3489"}],"version-history":[{"count":6,"href":"https:\/\/www.appyweb.es\/diccionario\/wp-json\/wp\/v2\/pages\/3489\/revisions"}],"predecessor-version":[{"id":12369,"href":"https:\/\/www.appyweb.es\/diccionario\/wp-json\/wp\/v2\/pages\/3489\/revisions\/12369"}],"wp:featuredmedia":[{"embeddable":true,"href":"https:\/\/www.appyweb.es\/diccionario\/wp-json\/wp\/v2\/media\/12366"}],"wp:attachment":[{"href":"https:\/\/www.appyweb.es\/diccionario\/wp-json\/wp\/v2\/media?parent=3489"}],"curies":[{"name":"wp","href":"https:\/\/api.w.org\/{rel}","templated":true}]}}