{"id":3565,"date":"2023-06-22T16:25:27","date_gmt":"2023-06-22T16:25:27","guid":{"rendered":"https:\/\/www.appyweb.es\/diccionario\/?post_type=project&#038;p=3565"},"modified":"2024-03-28T15:38:19","modified_gmt":"2024-03-28T15:38:19","slug":"ranktop","status":"publish","type":"page","link":"https:\/\/www.appyweb.es\/diccionario\/ranktop\/","title":{"rendered":"Ranktop"},"content":{"rendered":"<h1><img loading=\"lazy\" decoding=\"async\" class=\"alignnone  wp-image-12759\" src=\"https:\/\/www.appyweb.es\/diccionario\/wp-content\/uploads\/2024\/03\/ranktop-300x180.jpg\" alt=\"Ranktop\" width=\"967\" height=\"580\" srcset=\"https:\/\/www.appyweb.es\/diccionario\/wp-content\/uploads\/2024\/03\/ranktop-300x180.jpg 300w, https:\/\/www.appyweb.es\/diccionario\/wp-content\/uploads\/2024\/03\/ranktop-768x461.jpg 768w, https:\/\/www.appyweb.es\/diccionario\/wp-content\/uploads\/2024\/03\/ranktop.jpg 1000w\" sizes=\"auto, (max-width: 967px) 100vw, 967px\" \/><\/h1>\n<p>Se trata de una agencia de SEO, SEM y marketing digital localizada en Valencia, Espa\u00f1a. La premisa de <strong>Ranktop es impulsar el crecimiento de los negocios de sus clientes<\/strong> en Internet e igualar su reconocimiento en estos espacios conforme a su crecimiento.<\/p>\n<h2>\u00bfQu\u00e9 es Ranktop?<\/h2>\n<p>Ranktop es una empresa que se dedica al marketing y se <a href=\"https:\/\/www.appyweb.es\/posicionamiento-web\/\">enfoca al posicionamiento SEO<\/a> y a la promoci\u00f3n SEM, as\u00ed como a cualquier actividad que tenga que ver con marketing digital. <strong>Esta empresa se enfoca en priorizar el posicionamiento org\u00e1nico<\/strong>, pero tambi\u00e9n fomentan la utilizaci\u00f3n de anuncios de pago para mejorar el rendimiento de las estrategias. La visi\u00f3n de esta empresa es muy caracter\u00edstica e impactante ya que es \u201csi tu empresa no crece, nosotros tampoco\u201d.<\/p>\n<p>Se centra en que las empresas que contratan su servicio <strong>se posicionen el los mejores puestos de los resultados de motores de b\u00fasqueda<\/strong>, tanto de forma org\u00e1nica como de pago. Todo esto ajustado a expectativas realistas de acuerdo a los objetivos de los clientes y a las tendencias actuales de posicionamiento.<\/p>\n<h2>\u00bfD\u00f3nde se encuentra Ranktop?<\/h2>\n<p>Su sede principal est\u00e1 ubicada en Valencia, Espa\u00f1a (plaza del ayuntamiento 7-1). Tienen otra sede en Madrid y se encuentra en el Paseo de la Castellana 79-6.<\/p>\n<h2>Servicios de Ranktop<\/h2>\n<p>Esta agencia suele <strong>organizar planes de marketing personalizados para cada cliente<\/strong>, es por eso que tambi\u00e9n ofrecen variedad de servicios para ajustarse a sus demandas, son los siguientes.<\/p>\n<ul>\n<li><strong>Posicionamiento web<\/strong>: Consiste en utilizar estrategias como b\u00fasqueda de palabras clave, construcci\u00f3n de links, entre otros, para mejorar el posicionamiento frente a Google.<\/li>\n<li><strong>SEO internacional<\/strong>: Es b\u00e1sicamente la definici\u00f3n anterior, pero direccionado a un mercado digital internacional, se utilizan estrategias de globalizaci\u00f3n, especialmente para empresas que se quieren expandir.<\/li>\n<li><strong>SEM<\/strong>: Es la implementaci\u00f3n de campa\u00f1as de anuncios para buscadores, que consiste en conseguir la mejor posici\u00f3n para mostrar un anuncio en Google.<\/li>\n<li><strong>Dise\u00f1o web<\/strong>: Fabrican y dise\u00f1an el sitio web de sus clientes, utilizan cualquier tipo de gestor recomendado por sus clientes o bien seg\u00fan el sitio que se quiere construir.<\/li>\n<li><strong>Social Media<\/strong>: Implementan <strong>campa\u00f1as de visibilidad y promoci\u00f3n a trav\u00e9s de redes sociales<\/strong>, as\u00ed como la gesti\u00f3n de comunidades en estos escenarios.<\/li>\n<li><strong>Marketing de contenidos<\/strong>: Consiste en publicar art\u00edculos en blogs o post en redes sociales, cuentan con gran variedad multimedia y estrategias de calendario bien planificadas.<\/li>\n<\/ul>\n<h2>Opiniones de Ranktop<\/h2>\n<p>A la hora de contratar a una empresa que se encargue del marketing, se debe considerar la puntuaci\u00f3n general otorgada por otros usuarios o personas, que ya adquirieron en alg\u00fan momento sus servicios. Una de las mejores herramientas para conocer las recomendaciones de clientes reales es Google Business.<\/p>\n<p>En el perfil de Ranktop, <strong>cuenta una calificaci\u00f3n de 4.8 estrellas sobre 5<\/strong>, considerando que los participantes son m\u00e1s de 80. Los comentarios indican que se trata de una empresa seria con mucha experiencia y que est\u00e1n en constante comunicaci\u00f3n.<\/p>\n<p><script type=\"application\/ld+json\">{\"@context\":\"https:\/\/schema.org\",\"@type\":\"FAQPage\",\"mainEntity\":[ \n{\"@type\":\"Question\",\"name\":\"\ud83d\udccc \u00bfQu\u00e9 es Ranktop?\",\"acceptedAnswer\":{\"@type\":\"Answer\",\"text\":\"<\/p>\n<p>Ranktop es una empresa que se dedica al marketing y se <a href='https:\/\/www.appyweb.es\/posicionamiento-web\/'>enfoca al posicionamiento SEO<\/a> y a la promoci\u00f3n SEM, as\u00ed como a cualquier actividad que tenga que ver con marketing digital. <strong>Esta empresa se enfoca en priorizar el posicionamiento org\u00e1nico<\/strong>, pero tambi\u00e9n fomentan la utilizaci\u00f3n de anuncios de pago para mejorar el rendimiento de las estrategias. La visi\u00f3n de esta empresa es muy caracter\u00edstica e impactante ya que es \u201csi tu empresa no crece, nosotros tampoco\u201d.<\/p>\n<p>Se centra en que las empresas que contratan su servicio <strong>se posicionen el los mejores puestos de los resultados de motores de b\u00fasqueda<\/strong>, tanto de forma org\u00e1nica como de pago. Todo esto ajustado a expectativas realistas de acuerdo a los objetivos de los clientes y a las tendencias actuales de posicionamiento.<\/p>\n<p>\"}},\n{\"@type\":\"Question\",\"name\":\"\ud83d\udccc \u00bfD\u00f3nde se encuentra Ranktop?\",\"acceptedAnswer\":{\"@type\":\"Answer\",\"text\":\"<\/p>\n<p>Su sede principal est\u00e1 ubicada en Valencia, Espa\u00f1a (plaza del ayuntamiento 7-1). Tienen otra sede en Madrid y se encuentra en el Paseo de la Castellana 79-6.<\/p>\n<p>\"}},\n{\"@type\":\"Question\",\"name\":\"\ud83d\udccc Servicios de Ranktop\",\"acceptedAnswer\":{\"@type\":\"Answer\",\"text\":\"<\/p>\n<p>Esta agencia suele <strong>organizar planes de marketing personalizados para cada cliente<\/strong>, es por eso que tambi\u00e9n ofrecen variedad de servicios para ajustarse a sus demandas, son los siguientes.<\/p>\n<\/p>\n<ul>\n<\/p>\n<li><strong>Posicionamiento web<\/strong>: Consiste en utilizar estrategias como b\u00fasqueda de palabras clave, construcci\u00f3n de links, entre otros, para mejorar el posicionamiento frente a Google.<\/li>\n<\/p>\n<\/p>\n<\/p>\n<li><strong>SEO internacional<\/strong>: Es b\u00e1sicamente la definici\u00f3n anterior, pero direccionado a un mercado digital internacional, se utilizan estrategias de globalizaci\u00f3n, especialmente para empresas que se quieren expandir.<\/li>\n<\/p>\n<\/p>\n<\/p>\n<li><strong>SEM<\/strong>: Es la implementaci\u00f3n de campa\u00f1as de anuncios para buscadores, que consiste en conseguir la mejor posici\u00f3n para mostrar un anuncio en Google.<\/li>\n<\/p>\n<\/p>\n<\/p>\n<li><strong>Dise\u00f1o web<\/strong>: Fabrican y dise\u00f1an el sitio web de sus clientes, utilizan cualquier tipo de gestor recomendado por sus clientes o bien seg\u00fan el sitio que se quiere construir.<\/li>\n<\/p>\n<\/p>\n<\/p>\n<li><strong>Social Media<\/strong>: Implementan <strong>campa\u00f1as de visibilidad y promoci\u00f3n a  trav\u00e9s de redes sociales<\/strong>, as\u00ed como la gesti\u00f3n de comunidades en estos escenarios.<\/li>\n<\/p>\n<\/p>\n<\/p>\n<li><strong>Marketing de contenidos<\/strong>: Consiste en publicar art\u00edculos en blogs o post en redes sociales, cuentan con gran variedad multimedia y estrategias de calendario bien planificadas.<\/li>\n<\/p>\n<\/p>\n<\/ul>\n<\/p>\n<\/p>\n<p>\"}},\n{\"@type\":\"Question\",\"name\":\"\ud83d\udccc Opiniones de Ranktop\",\"acceptedAnswer\":{\"@type\":\"Answer\",\"text\":\"<\/p>\n<p>A la hora de contratar a una empresa que se encargue del marketing, se debe considerar la puntuaci\u00f3n general otorgada por otros usuarios o personas, que ya adquirieron en alg\u00fan momento sus servicios. Una de las mejores herramientas para conocer las recomendaciones de clientes reales es Google Business.<\/p>\n<p>En el perfil de Ranktop, <strong>cuenta una calificaci\u00f3n de 4.8 estrellas sobre 5<\/strong>, considerando que los participantes son m\u00e1s de 80. Los comentarios indican que se trata de una empresa seria con mucha experiencia y que est\u00e1n en constante comunicaci\u00f3n.<\/p>\n<p>\"}}\n]}<\/script><\/p>\n<h2>M\u00e1s informaci\u00f3n sobre Ranktop<\/h2>\n<p>La verdad es que cuenta con muy buenas recomendaciones y tienen un equipo muy preparado para hacer frente a todas las t\u00e9cnicas de SEO. \u00bfQuieres saber m\u00e1s sobre ella? mira los siguientes enlaces.<\/p>\n<ul>\n<li><a href=\"https:\/\/www.appyweb.es\/diccionario\/auditor-seo\/\">\u00bfQu\u00e9 es el Auditor SEO y para qu\u00e9 sirve?<\/a><\/li>\n<li><a href=\"https:\/\/www.ranktop.es\/sobre-nosotros\/\" rel=\"nofollow noopener\" target=\"_blank\">\u00bfQui\u00e9nes somos en Ranktop?<\/a><\/li>\n<\/ul>\n<p>&nbsp;<\/p>\n","protected":false},"excerpt":{"rendered":"<p>Se trata de una agencia de SEO, SEM y marketing digital localizada en Valencia, Espa\u00f1a. La premisa de Ranktop es impulsar el crecimiento de los negocios de sus clientes en Internet e igualar su reconocimiento en estos espacios conforme a su crecimiento. \u00bfQu\u00e9 es Ranktop? Ranktop es una empresa que se dedica al marketing y [&hellip;]<\/p>\n","protected":false},"author":1,"featured_media":12759,"parent":0,"menu_order":0,"comment_status":"open","ping_status":"closed","template":"","meta":{"inline_featured_image":false,"footnotes":""},"class_list":["post-3565","page","type-page","status-publish","has-post-thumbnail","hentry"],"_links":{"self":[{"href":"https:\/\/www.appyweb.es\/diccionario\/wp-json\/wp\/v2\/pages\/3565","targetHints":{"allow":["GET"]}}],"collection":[{"href":"https:\/\/www.appyweb.es\/diccionario\/wp-json\/wp\/v2\/pages"}],"about":[{"href":"https:\/\/www.appyweb.es\/diccionario\/wp-json\/wp\/v2\/types\/page"}],"author":[{"embeddable":true,"href":"https:\/\/www.appyweb.es\/diccionario\/wp-json\/wp\/v2\/users\/1"}],"replies":[{"embeddable":true,"href":"https:\/\/www.appyweb.es\/diccionario\/wp-json\/wp\/v2\/comments?post=3565"}],"version-history":[{"count":5,"href":"https:\/\/www.appyweb.es\/diccionario\/wp-json\/wp\/v2\/pages\/3565\/revisions"}],"predecessor-version":[{"id":12761,"href":"https:\/\/www.appyweb.es\/diccionario\/wp-json\/wp\/v2\/pages\/3565\/revisions\/12761"}],"wp:featuredmedia":[{"embeddable":true,"href":"https:\/\/www.appyweb.es\/diccionario\/wp-json\/wp\/v2\/media\/12759"}],"wp:attachment":[{"href":"https:\/\/www.appyweb.es\/diccionario\/wp-json\/wp\/v2\/media?parent=3565"}],"curies":[{"name":"wp","href":"https:\/\/api.w.org\/{rel}","templated":true}]}}