{"id":3628,"date":"2023-06-22T16:47:39","date_gmt":"2023-06-22T16:47:39","guid":{"rendered":"https:\/\/www.appyweb.es\/diccionario\/?post_type=project&#038;p=3628"},"modified":"2024-04-02T07:19:03","modified_gmt":"2024-04-02T07:19:03","slug":"relaciones-publicas-online","status":"publish","type":"page","link":"https:\/\/www.appyweb.es\/diccionario\/relaciones-publicas-online\/","title":{"rendered":"Relaciones P\u00fablicas Online"},"content":{"rendered":"<h1><img loading=\"lazy\" decoding=\"async\" class=\"alignnone  wp-image-12821\" src=\"https:\/\/www.appyweb.es\/diccionario\/wp-content\/uploads\/2024\/04\/relaciones-publicas-online-300x180.jpg\" alt=\"Relaciones  Publicas Online\" width=\"977\" height=\"586\" srcset=\"https:\/\/www.appyweb.es\/diccionario\/wp-content\/uploads\/2024\/04\/relaciones-publicas-online-300x180.jpg 300w, https:\/\/www.appyweb.es\/diccionario\/wp-content\/uploads\/2024\/04\/relaciones-publicas-online-768x461.jpg 768w, https:\/\/www.appyweb.es\/diccionario\/wp-content\/uploads\/2024\/04\/relaciones-publicas-online.jpg 1000w\" sizes=\"auto, (max-width: 977px) 100vw, 977px\" \/><\/h1>\n<p>Son estrategias que permiten dar a conocer una marca en Internet, <strong>las relaciones p\u00fablicas online utilizan t\u00e9cnicas propias de la actividad tradicional<\/strong>, pero enfocados a escenarios digitales como blogs, redes sociales, etc.<\/p>\n<h2>\u00bfQu\u00e9 son las relaciones publicas online?<\/h2>\n<p>Estas actividades concentran un sin f\u00edn de estrategias que permiten aprovechar las ventajas de la comunicaci\u00f3n directa con los clientes, pero en circunstancias digitales. <strong>Las relaciones p\u00fablicas online tienen la ventaja de contar con t\u00e9cnicas eficaces<\/strong>, diferentes herramientas, plataformas, profesionales y dem\u00e1s que permiten <a href=\"https:\/\/www.appyweb.es\/conversion-web\/%20valiosas\">generar conversiones web<\/a>.<\/p>\n<p>Uno de los m\u00e9todos m\u00e1s utilizados en estas estrategias es el email marketing, con esto permiten establecer una comunicaci\u00f3n directa y m\u00e1s personal. Gracias a esto, <strong>el emailing sigue siendo una de las t\u00e9cnicas m\u00e1s eficaces<\/strong> a la hora de convertir y fidelizar clientes en Internet. Igualmente, las redes sociales tambi\u00e9n suelen ser perfectas para esparcir la imagen de marca.<\/p>\n<h2>\u00bfPara qu\u00e9 sirven las relaciones publicas online?<\/h2>\n<p>La finalidad de estas pr\u00e1cticas es conocer mejor a la comunidad de posibles clientes en diferentes plataformas digitales. Es por eso que las relaciones p\u00fablicas online suelen trabajar con frecuencia <a href=\"https:\/\/www.appyweb.es\/embudo-ventas-e-commerce\/\">en el embudo de ventas<\/a>, a trav\u00e9s de este se pueden <strong>utilizar estrategias digitales para entender a los consumidores<\/strong> y construir un perfil del cliente ideal.<\/p>\n<p>Igualmente, entre los beneficios de estas pr\u00e1cticas se encuentran la capacidad de dar a conocer una marca de forma masiva en Internet. Para esto fidelizan los clientes actuales o los usuarios que est\u00e1n preparados para comprar, de forma que difundan su experiencia en diferentes canales digitales.<\/p>\n<h2>Importancia de las relaciones p\u00fablicas online<\/h2>\n<p>Aunque mantener una comunicaci\u00f3n con el cliente de forma tradicional es importante, actualmente estar dispuesto a hacerlo en condiciones digitales puede ser incluso m\u00e1s sustancial, sobre todo cuando se trata de reducir gastos. <strong>Las estrategias digitales son m\u00e1s baratas y hacen rendir la inversi\u00f3n <\/strong>mejor que las tradicionales.<\/p>\n<p>Igualmente, una buena estrategia de relaciones p\u00fablicas online favorecer\u00e1 todas las t\u00e9cnicas digitales, porque aumentar la exposici\u00f3n de una marca puede mejorar los n\u00fameros de tr\u00e1fico y nuevos visitantes en el sitio web. De la misma forma, incluye factores del posicionamiento web SEO que ofrece mejores resultados frente al buscador de Google.<\/p>\n<h2>Diferencias entre las relaciones p\u00fablicas online y tradiciones<\/h2>\n<ul>\n<li>En las pr\u00e1cticas tradicionales, los mensajes para la audiencia son directos y muy pocas veces permiten el feed back, las digitales s\u00ed, hasta fomentan la participaci\u00f3n.<\/li>\n<li>Los mensajes publicitarios masivos tradiciones son muy caros, por lo que las pymes solo pueden hacerlo un par de veces al a\u00f1o. <strong>Con las digitales es posible hacer anuncios masivos con una peque\u00f1a inversi\u00f3n<\/strong>.<\/li>\n<li>Aunque los medios digitales conviven en un solo canal, que es Internet, la verdad es que tiene mayor variedad que los canales de comunicaci\u00f3n tradicionales, como llamadas, radio, TV&#8230;<\/li>\n<\/ul>\n<p><script type=\"application\/ld+json\">{\"@context\":\"https:\/\/schema.org\",\"@type\":\"FAQPage\",\"mainEntity\":[ \n{\"@type\":\"Question\",\"name\":\"\ud83d\udccc \u00bfQu\u00e9 son las relaciones publicas online?\",\"acceptedAnswer\":{\"@type\":\"Answer\",\"text\":\"<\/p>\n<p>Estas actividades concentran un sin f\u00edn de estrategias que permiten aprovechar las ventajas de la comunicaci\u00f3n directa con los clientes, pero en circunstancias digitales. <strong>Las relaciones p\u00fablicas online tienen la ventaja de contar con t\u00e9cnicas eficaces<\/strong>, diferentes herramientas, plataformas, profesionales y dem\u00e1s que permiten <a href='https:\/\/www.appyweb.es\/conversion-web\/%20valiosas'>generar conversiones web<\/a>.<\/p>\n<p>Uno de los m\u00e9todos m\u00e1s utilizados en estas estrategias es el email marketing, con esto permiten establecer una comunicaci\u00f3n directa y m\u00e1s personal. Gracias a esto, <strong>el emailing sigue siendo una de las t\u00e9cnicas m\u00e1s eficaces<\/strong> a la hora de convertir y fidelizar clientes en Internet. Igualmente, las redes sociales tambi\u00e9n suelen ser perfectas para esparcir la imagen de marca.<\/p>\n<p>\"}},\n{\"@type\":\"Question\",\"name\":\"\ud83d\udccc \u00bfPara qu\u00e9 sirven las relaciones publicas online?\",\"acceptedAnswer\":{\"@type\":\"Answer\",\"text\":\"<\/p>\n<p>La finalidad de estas pr\u00e1cticas es conocer mejor a la comunidad de posibles clientes en diferentes plataformas digitales. Es por eso que las relaciones p\u00fablicas online suelen trabajar con frecuencia <a href='https:\/\/www.appyweb.es\/embudo-ventas-e-commerce\/'>en el embudo de ventas<\/a>, a trav\u00e9s de este se pueden <strong>utilizar estrategias digitales para entender a los consumidores<\/strong> y construir un perfil del cliente ideal.<\/p>\n<p>Igualmente, entre los beneficios de estas pr\u00e1cticas se encuentran la capacidad de dar a conocer una marca de forma masiva en Internet. Para esto fidelizan los clientes actuales o los usuarios que est\u00e1n preparados para comprar, de forma que difundan su experiencia en diferentes canales digitales.<\/p>\n<p>\"}},\n{\"@type\":\"Question\",\"name\":\"\ud83d\udccc Importancia de las relaciones p\u00fablicas online\",\"acceptedAnswer\":{\"@type\":\"Answer\",\"text\":\"<\/p>\n<p>Aunque mantener una comunicaci\u00f3n con el cliente de forma tradicional es importante, actualmente estar dispuesto a hacerlo en condiciones digitales puede ser incluso m\u00e1s sustancial, sobre todo cuando se trata de reducir gastos. <strong>Las estrategias digitales son m\u00e1s baratas y hacen rendir la inversi\u00f3n <\/strong>mejor que las tradicionales.<\/p>\n<p>Igualmente, una buena estrategia de relaciones p\u00fablicas online favorecer\u00e1 todas las t\u00e9cnicas digitales, porque aumentar la exposici\u00f3n de una marca puede mejorar los n\u00fameros de tr\u00e1fico y nuevos visitantes en el sitio web. De la misma forma, incluye factores del posicionamiento web SEO que ofrece mejores resultados frente al buscador de Google.<\/p>\n<p>\"}},\n{\"@type\":\"Question\",\"name\":\"\ud83d\udccc Diferencias entre las relaciones p\u00fablicas online y tradiciones\",\"acceptedAnswer\":{\"@type\":\"Answer\",\"text\":\"<\/p>\n<\/p>\n<ul>\n<\/p>\n<li>En las pr\u00e1cticas tradicionales, los mensajes para la audiencia son directos y muy pocas veces permiten el feed back, las digitales s\u00ed, hasta fomentan la participaci\u00f3n.<\/li>\n<\/p>\n<\/p>\n<\/p>\n<li>Los mensajes publicitarios masivos tradiciones son muy caros, por lo que las pymes solo pueden hacerlo un par de veces al a\u00f1o. <strong>Con las digitales es posible hacer anuncios masivos con una peque\u00f1a inversi\u00f3n<\/strong>.<\/li>\n<\/p>\n<\/p>\n<\/p>\n<li>Aunque los medios digitales conviven en un solo canal, que es Internet, la verdad es que tiene mayor variedad que los canales de comunicaci\u00f3n tradicionales, como llamadas, radio, TV...<\/li>\n<\/p>\n<\/p>\n<\/ul>\n<\/p>\n<\/p>\n<p>\"}}\n]}<\/script><\/p>\n<h2>M\u00e1s informaci\u00f3n sobre relaciones p\u00fablicas online<\/h2>\n<p>Sin dudas, es necesario combinar ambos aspectos, el tradicional y digital, para hacer una excelente estrategia de relaciones p\u00fablicas online. Aqu\u00ed hay m\u00e1s informaci\u00f3n al respecto.<\/p>\n<ul>\n<li><a href=\"https:\/\/www.appyweb.es\/14-estrategias-aumentar-visibilidad-negocio\/\">14 estrategias para aumentar visibilidad de tu negocio<\/a><\/li>\n<li><a href=\"https:\/\/dircomfidencial.com\/marketing-digital\/seo-y-relaciones-publicas-se-encuentran-en-el-camino-de-una-comunicacion-eficiente-20210317-0401\/\" rel=\"nofollow noopener\" target=\"_blank\">SEO y relaciones p\u00fablicas se encuentran en el camino de una comunicaci\u00f3n eficiente<\/a><\/li>\n<\/ul>\n<p>&nbsp;<\/p>\n","protected":false},"excerpt":{"rendered":"<p>Son estrategias que permiten dar a conocer una marca en Internet, las relaciones p\u00fablicas online utilizan t\u00e9cnicas propias de la actividad tradicional, pero enfocados a escenarios digitales como blogs, redes sociales, etc. \u00bfQu\u00e9 son las relaciones publicas online? Estas actividades concentran un sin f\u00edn de estrategias que permiten aprovechar las ventajas de la comunicaci\u00f3n directa [&hellip;]<\/p>\n","protected":false},"author":1,"featured_media":12821,"parent":0,"menu_order":0,"comment_status":"open","ping_status":"closed","template":"","meta":{"inline_featured_image":false,"footnotes":""},"class_list":["post-3628","page","type-page","status-publish","has-post-thumbnail","hentry"],"_links":{"self":[{"href":"https:\/\/www.appyweb.es\/diccionario\/wp-json\/wp\/v2\/pages\/3628","targetHints":{"allow":["GET"]}}],"collection":[{"href":"https:\/\/www.appyweb.es\/diccionario\/wp-json\/wp\/v2\/pages"}],"about":[{"href":"https:\/\/www.appyweb.es\/diccionario\/wp-json\/wp\/v2\/types\/page"}],"author":[{"embeddable":true,"href":"https:\/\/www.appyweb.es\/diccionario\/wp-json\/wp\/v2\/users\/1"}],"replies":[{"embeddable":true,"href":"https:\/\/www.appyweb.es\/diccionario\/wp-json\/wp\/v2\/comments?post=3628"}],"version-history":[{"count":5,"href":"https:\/\/www.appyweb.es\/diccionario\/wp-json\/wp\/v2\/pages\/3628\/revisions"}],"predecessor-version":[{"id":12823,"href":"https:\/\/www.appyweb.es\/diccionario\/wp-json\/wp\/v2\/pages\/3628\/revisions\/12823"}],"wp:featuredmedia":[{"embeddable":true,"href":"https:\/\/www.appyweb.es\/diccionario\/wp-json\/wp\/v2\/media\/12821"}],"wp:attachment":[{"href":"https:\/\/www.appyweb.es\/diccionario\/wp-json\/wp\/v2\/media?parent=3628"}],"curies":[{"name":"wp","href":"https:\/\/api.w.org\/{rel}","templated":true}]}}