{"id":51,"date":"2023-06-19T11:51:34","date_gmt":"2023-06-19T11:51:34","guid":{"rendered":"https:\/\/www.appyweb.es\/diccionario\/?page_id=51"},"modified":"2024-03-20T09:55:52","modified_gmt":"2024-03-20T09:55:52","slug":"agencia-inbound-marketing","status":"publish","type":"page","link":"https:\/\/www.appyweb.es\/diccionario\/agencia-inbound-marketing\/","title":{"rendered":"Agencia de Inbound Marketing"},"content":{"rendered":"<p><img loading=\"lazy\" decoding=\"async\" class=\" wp-image-11112\" src=\"https:\/\/www.appyweb.es\/diccionario\/wp-content\/uploads\/2024\/02\/Agencia-de-inbound-Marketing_11zon-300x180.jpg\" alt=\"ignificado de Agencia de Inbound Marketing en el Diccionario Online\" width=\"921\" height=\"553\" srcset=\"https:\/\/www.appyweb.es\/diccionario\/wp-content\/uploads\/2024\/02\/Agencia-de-inbound-Marketing_11zon-300x180.jpg 300w, https:\/\/www.appyweb.es\/diccionario\/wp-content\/uploads\/2024\/02\/Agencia-de-inbound-Marketing_11zon-1024x614.jpg 1024w, https:\/\/www.appyweb.es\/diccionario\/wp-content\/uploads\/2024\/02\/Agencia-de-inbound-Marketing_11zon-768x460.jpg 768w, https:\/\/www.appyweb.es\/diccionario\/wp-content\/uploads\/2024\/02\/Agencia-de-inbound-Marketing_11zon.jpg 1325w\" sizes=\"auto, (max-width: 921px) 100vw, 921px\" \/><\/p>\n<p>&nbsp;<\/p>\n<p>La metodolog\u00eda inbound es una estrategia de marketing digital que apunta al crecimiento de tu empresa a trav\u00e9s de relaciones significativas y duraderas con consumidores, prospectos y clientes en lugar de interrumpirlos con m\u00e9todos tradicionales de publicidad.<\/p>\n<h2>\u00bfQu\u00e9 es una agencia de Inbound Marketing?<\/h2>\n<p>Para ser m\u00e1s espec\u00edficos, una agencia de inbound marketing es una instituci\u00f3n que utiliza el <a href=\"https:\/\/www.appyweb.es\/diccionario\/marketing-de-atraccion\/\">marketing de atracci\u00f3n<\/a> como t\u00e9cnica principal para lograr ventas.<br \/>\nAl contratar los servicios de una empresa de este estilo, los consumidores deben entender que consta de diferentes etapas para el desarrollo de una metodolog\u00eda estrat\u00e9gica.<\/p>\n<p>El principal objetivo de los profesionales en estas instituciones es desarrollar estrategias no invasivas, es decir, que atraigan a los consumidores de forma natural.<br \/>\nPara esto, se utilizan otras <strong>t\u00e9cnicas como el desarrollo de contenidos de valor<\/strong>, el desarrollo de experiencia de navegaci\u00f3n avanzada y hasta un buen dise\u00f1o web.<br \/>\nAs\u00ed, tratan de conectar con los usuarios de forma m\u00e1s profunda, para que se identifiquen con la empresa y no solo se atrevan a comprar por un buen precio, sino tambi\u00e9n por la relaci\u00f3n que establecieron con esa marca.<\/p>\n<p>Despu\u00e9s de alcanzar los objetivos de venta, estas instituciones suelen concentrarse en fidelizar a los consumidores, esto consiste en <strong>mantenerlos interesados con otras promociones o incluso con contenido de valor<\/strong>.<\/p>\n<h2>Funciones de una agencia de inbound marketing<\/h2>\n<p>La metodolog\u00eda del inbound marketing consiste en cuatro etapas, la atracci\u00f3n de tr\u00e1fico, generaci\u00f3n de leads o <a href=\"https:\/\/www.appyweb.es\/diccionario\/conversion\/\">conversi\u00f3n web<\/a>, venta final y fidelizaci\u00f3n.<br \/>\nEn conjunto, estas se definen como embudo de ventas, cada una de ellas requieren del desarrollo de diferentes estrategias, que b\u00e1sicamente son tarea de un grupo de expertos.<br \/>\nLos profesionales que forman parte de este equipo suelen ser community managers (CM), redactores, dise\u00f1adores, programadores y analistas SEO.<\/p>\n<p>Al contratar una de estas, lo primero que realizar\u00e1n es un an\u00e1lisis completo de marketing digital. A partir de all\u00ed, se establecen sus funciones, que b\u00e1sicamente ser\u00edan las siguientes.<\/p>\n<ul>\n<li>Se concentrar\u00e1n en la creaci\u00f3n de contenidos, consiste en el desarrollo de piezas de calidad que respondan a las necesidades del cliente.<\/li>\n<li>Tambi\u00e9n deben establecer estrategias de personalizaci\u00f3n y segmentaci\u00f3n, de forma que puedan hacer sentir al cliente m\u00e1s especial.<\/li>\n<li>Emplean el uso de las redes sociales para esparcir y viralizar el contenido.<\/li>\n<li>Poner en pr\u00e1ctica diferentes herramientas de automatizaci\u00f3n, como los formularios de suscripci\u00f3n, ya que estos almacenan los datos de los clientes.<\/li>\n<li>Otras herramientas que utilizan son los gestores de relaci\u00f3n con el cliente o CRM, que permiten el env\u00edo autom\u00e1tico de emails, textos o llamadas.<\/li>\n<li>Desarrollan una estrategia de ventas basados en los datos que ya conocen sobre el cliente, como sus necesidades espec\u00edficas y gustos.<\/li>\n<li>Introducen a una base de datos espec\u00edfica para clientes, donde tambi\u00e9n se genera contenido que garantice la fidelizaci\u00f3n.<\/li>\n<\/ul>\n<h2>Servicios que ofrecen las agencias de inbound marketing<\/h2>\n<p>A parte del desarrollo de marketing de contenidos y automatizaci\u00f3n, tambi\u00e9n suelen llevar a cabo otros servicios, como los siguientes.<\/p>\n<ul>\n<li>An\u00e1lisis de p\u00e1gina web.<\/li>\n<li>Desarrollo de estrategias Seo.<\/li>\n<li>Gesti\u00f3n de blogs.<\/li>\n<li><a href=\"https:\/\/diseno20.appyweb.es\/notas-de-prensa\/\" rel=\"nofollow noopener\" target=\"_blank\">Creaci\u00f3n de landing pages<\/a>.<\/li>\n<li>Establecer estrategias con Ads.<\/li>\n<li>Generar Calls To Action.<\/li>\n<li>Implementar herramienta de automatizaci\u00f3n.<\/li>\n<li>Controlar sistemas de an\u00e1lisis web.<\/li>\n<li>Crear objetivos alcanzables.<\/li>\n<\/ul>\n<h2>Ejemplo de agencia de inbound marketing<\/h2>\n<p>Actualmente, son muchas las empresas que est\u00e1n utilizando la ayuda de <a href=\"https:\/\/www.elboletin.com\/noticia\/195215\/hoy-en-la-red\/conquista-a-tus-clientes-con-el-inbound-marketing.html\" rel=\"nofollow noopener\" target=\"_blank\">agencias de inbound marketing para generar ventas y fidelizaci\u00f3n<\/a>.<br \/>\nUna de ellas es InboundCycle, un ejemplo de una de sus clientes m\u00e1s importantes es Bayer, la plataforma de esta farmac\u00e9utica ha sido <strong>optimizada para posicionarse mejor en buscadores<\/strong>, al mismo tiempo que generan informaci\u00f3n de calidad y valor.<\/p>\n<p>De esta forma, Ver\u00f3nica Gragera, la gerente de marketing de Bayer comenta que ahora pueden atraer la atenci\u00f3n de cualquier persona que est\u00e9 interesada en diabetes o cualquier otro padecimiento.<\/p>\n<p><img decoding=\"async\" src=\"data:image\/gif;base64,R0lGODlhAQABAIAAAAAAAP\/\/\/yH5BAEAAAAALAAAAAABAAEAAAIBRAA7\" \/><\/p>\n<h2><span id=\"%F0%9F%93%8CMas_informacion_sobre_agencias_de_inbound_marketing\" class=\"ez-toc-section\"><\/span>M\u00e1s informaci\u00f3n sobre agencias de inbound marketing<\/h2>\n<ul>\n<li><a href=\"https:\/\/www.appyweb.es\/6-razones-crear-una-estrategia-marketing-digital\/\">6 razones para crear una estrategia de marketing digital<\/a>.<\/li>\n<li><a href=\"https:\/\/www.dream-alcala.com\/5-ventajas-de-contar-con-una-agencia-de-marketing-digital\/\" rel=\"nofollow noopener\" target=\"_blank\">5 ventajas de contar con una agencia de marketing digital<\/a>.<\/li>\n<\/ul>\n","protected":false},"excerpt":{"rendered":"<p>&nbsp; La metodolog\u00eda inbound es una estrategia de marketing digital que apunta al crecimiento de tu empresa a trav\u00e9s de relaciones significativas y duraderas con consumidores, prospectos y clientes en lugar de interrumpirlos con m\u00e9todos tradicionales de publicidad. \u00bfQu\u00e9 es una agencia de Inbound Marketing? Para ser m\u00e1s espec\u00edficos, una agencia de inbound marketing es [&hellip;]<\/p>\n","protected":false},"author":1,"featured_media":11112,"parent":0,"menu_order":0,"comment_status":"closed","ping_status":"closed","template":"","meta":{"inline_featured_image":false,"footnotes":""},"class_list":["post-51","page","type-page","status-publish","has-post-thumbnail","hentry"],"_links":{"self":[{"href":"https:\/\/www.appyweb.es\/diccionario\/wp-json\/wp\/v2\/pages\/51","targetHints":{"allow":["GET"]}}],"collection":[{"href":"https:\/\/www.appyweb.es\/diccionario\/wp-json\/wp\/v2\/pages"}],"about":[{"href":"https:\/\/www.appyweb.es\/diccionario\/wp-json\/wp\/v2\/types\/page"}],"author":[{"embeddable":true,"href":"https:\/\/www.appyweb.es\/diccionario\/wp-json\/wp\/v2\/users\/1"}],"replies":[{"embeddable":true,"href":"https:\/\/www.appyweb.es\/diccionario\/wp-json\/wp\/v2\/comments?post=51"}],"version-history":[{"count":16,"href":"https:\/\/www.appyweb.es\/diccionario\/wp-json\/wp\/v2\/pages\/51\/revisions"}],"predecessor-version":[{"id":11500,"href":"https:\/\/www.appyweb.es\/diccionario\/wp-json\/wp\/v2\/pages\/51\/revisions\/11500"}],"wp:featuredmedia":[{"embeddable":true,"href":"https:\/\/www.appyweb.es\/diccionario\/wp-json\/wp\/v2\/media\/11112"}],"wp:attachment":[{"href":"https:\/\/www.appyweb.es\/diccionario\/wp-json\/wp\/v2\/media?parent=51"}],"curies":[{"name":"wp","href":"https:\/\/api.w.org\/{rel}","templated":true}]}}