{"id":65,"date":"2023-06-19T11:55:55","date_gmt":"2023-06-19T11:55:55","guid":{"rendered":"https:\/\/www.appyweb.es\/diccionario\/?page_id=65"},"modified":"2024-04-17T07:44:07","modified_gmt":"2024-04-17T07:44:07","slug":"ahrefs","status":"publish","type":"page","link":"https:\/\/www.appyweb.es\/diccionario\/ahrefs\/","title":{"rendered":"Ahrefs"},"content":{"rendered":"<p><img loading=\"lazy\" decoding=\"async\" class=\" wp-image-11120\" src=\"https:\/\/www.appyweb.es\/diccionario\/wp-content\/uploads\/2024\/02\/Mar-Business_11zon-300x173.jpg\" alt=\"Definici\u00f3n de Ahrefs en el Diccionario Online\" width=\"926\" height=\"534\" srcset=\"https:\/\/www.appyweb.es\/diccionario\/wp-content\/uploads\/2024\/02\/Mar-Business_11zon-300x173.jpg 300w, https:\/\/www.appyweb.es\/diccionario\/wp-content\/uploads\/2024\/02\/Mar-Business_11zon-1024x590.jpg 1024w, https:\/\/www.appyweb.es\/diccionario\/wp-content\/uploads\/2024\/02\/Mar-Business_11zon-768x442.jpg 768w, https:\/\/www.appyweb.es\/diccionario\/wp-content\/uploads\/2024\/02\/Mar-Business_11zon.jpg 1267w\" sizes=\"auto, (max-width: 926px) 100vw, 926px\" \/><\/p>\n<p>&nbsp;<\/p>\n<p>Al crear un negocio digital, una de las principales estrategias es lograr un buen posicionamiento en buscadores, como Google. Pero, durante ese proceso es recomendable\u00a0<strong>utilizar herramientas de an\u00e1lisis digital, como Ahrefs<\/strong>. \u00bfA\u00fan no lo conoces? Sigue leyendo y mira c\u00f3mo te apoyar\u00e1 en la medici\u00f3n de tus estrategias online.<\/p>\n<h2>\u00bfQu\u00e9 es Ahrefs?<\/h2>\n<p>Es un servicio que <strong>cuenta con muchas herramientas para el an\u00e1lisis y seguimiento web<\/strong>, dependiendo de tu contrataci\u00f3n puedes involucrarlo en tus \u00e1reas de marketing digital y <a href=\"https:\/\/diseno20.appyweb.es\/seo-local\/\" rel=\"nofollow noopener\" target=\"_blank\">posicionamiento web<\/a>.<br \/>\nPero, se ha popularizado m\u00e1s por su herramienta de monitorizaci\u00f3n de enlaces entrantes o backlinks. \u00c9sta permite analizar los enlaces que se van creando hacia un sitio web desde cualquier parte de Internet.<\/p>\n<p>Al introducir un dominio o URL en su barra de b\u00fasqueda, se muestran los backlinks de forma autom\u00e1tica. Por otro lado, otra de las caracter\u00edsticas que ofrece esta herramienta es el an\u00e1lisis de los anchor text.<br \/>\nDe forma que el usuario pueda conocer cu\u00e1les son las palabras claves m\u00e1s relevantes y estrat\u00e9gicas para su negocio.<\/p>\n<h2>C\u00f3mo utilizar Ahrefs paso a paso<\/h2>\n<p>Antes de empezar, es necesario saber que esta herramienta no es gratuita. Sin embargo, cuenta con una la versi\u00f3n de prueba muy b\u00e1sica, que se puede utilizar para conocer c\u00f3mo funciona y comprobar la veracidad de los enlaces entrantes. En este sentido, puedes perfeccionar tus estrategias de <a href=\"https:\/\/www.appyweb.es\/link-building\/\">Link Building<\/a> sin gastar si un solo euro.<\/p>\n<p>Igualmente, <strong>al utilizar su buscador de bakclinks puedes<\/strong><strong> analizar la URL del dominio<\/strong>, pero tambi\u00e9n una p\u00e1gina en espec\u00edfico dentro del sitio.<br \/>\nAs\u00ed el an\u00e1lisis ser\u00e1 m\u00e1s detallado y puedes aprovechar los enlaces que veas con mayor tr\u00e1fico para tus estrategias.<br \/>\nLa herramienta tambi\u00e9n indica el la autoridad de dominio, de forma que puedas distribuir el link juice de tu sitio de forma correcta. Aqu\u00ed tienes el paso a paso.<\/p>\n<ol>\n<li>Primero, accede a la herramienta de<a href=\"https:\/\/ahrefs.com\/es\/backlink-checker\" rel=\"nofollow noopener\" target=\"_blank\"> BackLink Checker<\/a>.<\/li>\n<li>Despu\u00e9s, escribe la URL de tu sitio, indica en el bot\u00f3n de la derecha si se trata de un dominio o p\u00e1gina espec\u00edfica.<\/li>\n<li>Seguidamente haz clic en el bot\u00f3n Buscar Links.<\/li>\n<li>Te mostrar\u00e1 una gr\u00e1fica con una onda de enlaces, <strong>especifica la cantidad de enlaces creados en el tiempo<\/strong>.<\/li>\n<li>Tambi\u00e9n indica el porcentaje de anchor text, as\u00ed se puede visualizar si las palabras clave se est\u00e1n utilizando en exceso.<\/li>\n<li>Por \u00faltimo, muestra alertas de <a href=\"https:\/\/www.appyweb.es\/diccionario\/black-hat-seo\/\">SEO Negativo<\/a>, para evitar penalizaciones de los algoritmos de b\u00fasqueda.<\/li>\n<\/ol>\n<h2>Ejemplo de uso de Ahrefs<\/h2>\n<p>Para elegir un buen servicio es necesario considerar su reconocimiento en el sector, es importante buscar la opini\u00f3n de alguno de sus clientes para entender c\u00f3mo trabajan y cu\u00e1les son los beneficios directos con el <a href=\"https:\/\/es.wikipedia.org\/wiki\/Posicionamiento_en_buscadores\" rel=\"nofollow noopener\" target=\"_blank\">posicionamiento en buscadores<\/a>. Pero, tambi\u00e9n se deben considerar otros aspectos, como <strong>el precio, los resultados a corto plazo y los servicios adicionales<\/strong>. Aqu\u00ed hay otras caracter\u00edsticas a considerar.<\/p>\n<ul>\n<li>Deben tener un equipo de expertos, una sola persona no puede gestionar todo el proceso.<\/li>\n<li>Contar con certificados acad\u00e9micos en el \u00e1rea digital.<\/li>\n<li>Dise\u00f1ar una auditor\u00eda o an\u00e1lisis previo a la planificaci\u00f3n del presupuesto.<\/li>\n<li>Incluir experiencias pasadas con empresas similares a la del usuario a contratar.<\/li>\n<li>Emplear herramientas y plataformas para cumplir con las tareas.<\/li>\n<\/ul>\n<p>&nbsp;<\/p>\n<h2><span id=\"%F0%9F%93%8CMas_informacion_sobre_Ahrefs\" class=\"ez-toc-section\"><\/span>M\u00e1s informaci\u00f3n sobre Ahrefs<\/h2>\n<ul>\n<li>Sube posiciones en los ranking de Google con la ayuda de Ahrefs.<\/li>\n<li><a href=\"https:\/\/ahrefs.com\/blog\/es\/tutorial-seo\/\" rel=\"nofollow noopener\" target=\"_blank\">Tutorial SEO para principiantes: Gu\u00eda simple en 7 pasos<\/a>.<\/li>\n<\/ul>\n<p>&nbsp;<\/p>\n","protected":false},"excerpt":{"rendered":"<p>&nbsp; Al crear un negocio digital, una de las principales estrategias es lograr un buen posicionamiento en buscadores, como Google. Pero, durante ese proceso es recomendable\u00a0utilizar herramientas de an\u00e1lisis digital, como Ahrefs. \u00bfA\u00fan no lo conoces? Sigue leyendo y mira c\u00f3mo te apoyar\u00e1 en la medici\u00f3n de tus estrategias online. \u00bfQu\u00e9 es Ahrefs? Es un [&hellip;]<\/p>\n","protected":false},"author":1,"featured_media":11120,"parent":0,"menu_order":0,"comment_status":"closed","ping_status":"closed","template":"","meta":{"inline_featured_image":false,"footnotes":""},"class_list":["post-65","page","type-page","status-publish","has-post-thumbnail","hentry"],"_links":{"self":[{"href":"https:\/\/www.appyweb.es\/diccionario\/wp-json\/wp\/v2\/pages\/65","targetHints":{"allow":["GET"]}}],"collection":[{"href":"https:\/\/www.appyweb.es\/diccionario\/wp-json\/wp\/v2\/pages"}],"about":[{"href":"https:\/\/www.appyweb.es\/diccionario\/wp-json\/wp\/v2\/types\/page"}],"author":[{"embeddable":true,"href":"https:\/\/www.appyweb.es\/diccionario\/wp-json\/wp\/v2\/users\/1"}],"replies":[{"embeddable":true,"href":"https:\/\/www.appyweb.es\/diccionario\/wp-json\/wp\/v2\/comments?post=65"}],"version-history":[{"count":26,"href":"https:\/\/www.appyweb.es\/diccionario\/wp-json\/wp\/v2\/pages\/65\/revisions"}],"predecessor-version":[{"id":15213,"href":"https:\/\/www.appyweb.es\/diccionario\/wp-json\/wp\/v2\/pages\/65\/revisions\/15213"}],"wp:featuredmedia":[{"embeddable":true,"href":"https:\/\/www.appyweb.es\/diccionario\/wp-json\/wp\/v2\/media\/11120"}],"wp:attachment":[{"href":"https:\/\/www.appyweb.es\/diccionario\/wp-json\/wp\/v2\/media?parent=65"}],"curies":[{"name":"wp","href":"https:\/\/api.w.org\/{rel}","templated":true}]}}