{"id":797,"date":"2023-06-20T10:12:42","date_gmt":"2023-06-20T10:12:42","guid":{"rendered":"https:\/\/www.appyweb.es\/diccionario\/?page_id=797"},"modified":"2024-03-21T09:06:35","modified_gmt":"2024-03-21T09:06:35","slug":"cmyk","status":"publish","type":"page","link":"https:\/\/www.appyweb.es\/diccionario\/cmyk\/","title":{"rendered":"CMYK"},"content":{"rendered":"<p><img loading=\"lazy\" decoding=\"async\" class=\"alignnone wp-image-11647\" src=\"https:\/\/www.appyweb.es\/diccionario\/wp-content\/uploads\/2024\/03\/cmyk-300x180.jpg\" alt=\"cmyk\" width=\"983\" height=\"590\" srcset=\"https:\/\/www.appyweb.es\/diccionario\/wp-content\/uploads\/2024\/03\/cmyk-300x180.jpg 300w, https:\/\/www.appyweb.es\/diccionario\/wp-content\/uploads\/2024\/03\/cmyk-768x461.jpg 768w, https:\/\/www.appyweb.es\/diccionario\/wp-content\/uploads\/2024\/03\/cmyk.jpg 1000w\" sizes=\"auto, (max-width: 983px) 100vw, 983px\" \/><\/p>\n<p>Son las siglas que se utiliza para definir la combinaci\u00f3n\u00a0<strong>cuatro colores fundamentales en un modelo de dise\u00f1o gr\u00e1fico<\/strong>, anteriormente conocido como RYB. El t\u00e9rmino CMYK es utilizado frecuentemente en la maquetaci\u00f3n y el dise\u00f1o digital, es un concepto que tiene relevancia gracias a la absorci\u00f3n de la luz en los colores.<\/p>\n<h2><span id=\"%F0%9F%93%8C%C2%BFQue_es\" class=\"ez-toc-section\"><\/span>\u00bfQu\u00e9 es CMYK?<\/h2>\n<p>CMYK son las siglas de cuatro colores espec\u00edficamente en ingl\u00e9s: Cyan, magenta, yellow y key (azul, morado, amarillo y negro). Se trata de un modelo de color utilizado tanto en el\u00a0<a href=\"https:\/\/www.appyweb.es\/diseno-grafico\/\">\u00e1rea del dise\u00f1o gr\u00e1fico<\/a>, como en el \u00e1rea de la impresi\u00f3n gr\u00e1fica.<\/p>\n<p>Es considerado un modelo sustractivo, porque la combinaci\u00f3n de los tres primeros colores sobre un fondo blanco, da como resultado el color negro. Asimismo, es un concepto utilizado en el sector del dise\u00f1o para\u00a0<strong>hacer referencia al modelo de colores de un archivo<\/strong>\u00a0o incluso al comercializar cartuchos para impresoras.<\/p>\n<p>Tambi\u00e9n se puede definir como un sistema de clasificaci\u00f3n de los colores, estos pigmentos son los m\u00e1s utilizados en la actualidad gracias a su fidelidad de colores, pueden garantizar que \u00e9stos se ver\u00e1n igual en el archivo y en la impresi\u00f3n. Su utilizaci\u00f3n en los dise\u00f1os y las imprentas es clave, para lograr un buen resultado final y llamar la atenci\u00f3n del p\u00fablico.<\/p>\n<p>Es importante destacar que se puede encontrar al momento de retocar una imagen o fotograf\u00eda, y al dise\u00f1ar una imagen con dibujo vectorial. Cuando no se utiliza este m\u00e9todo o herramienta gr\u00e1fica, es posible encontrar varios errores en imprenta.<\/p>\n<h2><span id=\"%F0%9F%93%8C_%C2%BFPara_que_sirve\" class=\"ez-toc-section\"><\/span>\u00bfPara qu\u00e9 sirve el formato CMYK?<\/h2>\n<p>Originalmente el modelo CMYK empez\u00f3 a utilizarse para obtener\u00a0<strong>mejores resultados de imprenta de publicidad<\/strong>, pero actualmente tambi\u00e9n es utilizado para\u00a0<a href=\"https:\/\/www.appyweb.es\/fotografia-producto-360\/\">formatos digitales como fotograf\u00edas en 320\u00b0<\/a>. Es especialmente \u00fatil para la impresi\u00f3n de logos, tarjetas de negocios, ilustraciones, entre otros.<\/p>\n<p>A diferencia del modelo de colores RGB, es el m\u00e1s recomendado para hacer impresiones de todo tipo, mientras que en RGB es recomendado solo para hacer dise\u00f1os digitales. Asimismo, se puede realizar esta modificaci\u00f3n\u00a0<strong>desde cualquier tipo de software de dise\u00f1o como Illustrator y Photoshop<\/strong>, puede establecerse al momento de empezar a dise\u00f1ar o antes de imprimir.<\/p>\n<h2><span id=\"%F0%9F%93%8C_Cuantos_colores_puede_producir_CMYK\" class=\"ez-toc-section\"><\/span>Cu\u00e1ntos colores puede producir CMYK<\/h2>\n<p>En el sector de la impresi\u00f3n \u00e9ste modelo tambi\u00e9n se le conoce como cuatricrom\u00eda, ya que se utiliza como base 4 colores principales. Al emplear esta combinaci\u00f3n\u00a0<strong>es posible reproducir hasta el 70% de los colores visibles para los humanos<\/strong>, por tanto, es uno de los m\u00e1s recomendados al momento de dise\u00f1ar.<\/p>\n<p>En este sentido, existe un c\u00edrculo crom\u00e1tico elaborado a partir de los colores primarios de este modelo, en los que se encuentran rojo, naranja, verde amarillo, azul, aguamarina, azul oscuro, p\u00farpura y carmes\u00ed.<\/p>\n<p>&nbsp;<\/p>\n<h2><span id=\"%F0%9F%93%8C_Mas_informacion_sobre_CMYK\" class=\"ez-toc-section\"><\/span>M\u00e1s informaci\u00f3n sobre CMYK<\/h2>\n<ul>\n<li><a href=\"https:\/\/www.appyweb.es\/disenar-logo-calidad-negocio\/\">\u00bfC\u00f3mo dise\u00f1ar un logo de calidad para nuestro negocio?<\/a><\/li>\n<li><a href=\"https:\/\/es.wikipedia.org\/wiki\/Modelo_de_color_CMYK#Conversi%C3%B3n_entre_RGB_y_CMYK\" rel=\"nofollow noopener\" target=\"_blank\">Conversi\u00f3n entre RGB y CMYK<\/a>.<\/li>\n<\/ul>\n<p>&nbsp;<\/p>\n","protected":false},"excerpt":{"rendered":"<p>Son las siglas que se utiliza para definir la combinaci\u00f3n\u00a0cuatro colores fundamentales en un modelo de dise\u00f1o gr\u00e1fico, anteriormente conocido como RYB. El t\u00e9rmino CMYK es utilizado frecuentemente en la maquetaci\u00f3n y el dise\u00f1o digital, es un concepto que tiene relevancia gracias a la absorci\u00f3n de la luz en los colores. \u00bfQu\u00e9 es CMYK? CMYK [&hellip;]<\/p>\n","protected":false},"author":1,"featured_media":11647,"parent":0,"menu_order":0,"comment_status":"closed","ping_status":"closed","template":"","meta":{"inline_featured_image":false,"footnotes":""},"class_list":["post-797","page","type-page","status-publish","has-post-thumbnail","hentry"],"_links":{"self":[{"href":"https:\/\/www.appyweb.es\/diccionario\/wp-json\/wp\/v2\/pages\/797","targetHints":{"allow":["GET"]}}],"collection":[{"href":"https:\/\/www.appyweb.es\/diccionario\/wp-json\/wp\/v2\/pages"}],"about":[{"href":"https:\/\/www.appyweb.es\/diccionario\/wp-json\/wp\/v2\/types\/page"}],"author":[{"embeddable":true,"href":"https:\/\/www.appyweb.es\/diccionario\/wp-json\/wp\/v2\/users\/1"}],"replies":[{"embeddable":true,"href":"https:\/\/www.appyweb.es\/diccionario\/wp-json\/wp\/v2\/comments?post=797"}],"version-history":[{"count":7,"href":"https:\/\/www.appyweb.es\/diccionario\/wp-json\/wp\/v2\/pages\/797\/revisions"}],"predecessor-version":[{"id":11648,"href":"https:\/\/www.appyweb.es\/diccionario\/wp-json\/wp\/v2\/pages\/797\/revisions\/11648"}],"wp:featuredmedia":[{"embeddable":true,"href":"https:\/\/www.appyweb.es\/diccionario\/wp-json\/wp\/v2\/media\/11647"}],"wp:attachment":[{"href":"https:\/\/www.appyweb.es\/diccionario\/wp-json\/wp\/v2\/media?parent=797"}],"curies":[{"name":"wp","href":"https:\/\/api.w.org\/{rel}","templated":true}]}}