{"id":838,"date":"2023-06-20T10:30:01","date_gmt":"2023-06-20T10:30:01","guid":{"rendered":"https:\/\/www.appyweb.es\/diccionario\/?page_id=838"},"modified":"2024-03-21T09:16:15","modified_gmt":"2024-03-21T09:16:15","slug":"concordancia-modificada","status":"publish","type":"page","link":"https:\/\/www.appyweb.es\/diccionario\/concordancia-modificada\/","title":{"rendered":"Concordancia Modificada"},"content":{"rendered":"<h1 class=\"entry-title main_title\"><img loading=\"lazy\" decoding=\"async\" class=\"alignnone wp-image-11707\" src=\"https:\/\/www.appyweb.es\/diccionario\/wp-content\/uploads\/2024\/03\/ConcordanciaModificada-300x180.jpg\" alt=\"Concordancia Modificada\" width=\"1103\" height=\"662\" srcset=\"https:\/\/www.appyweb.es\/diccionario\/wp-content\/uploads\/2024\/03\/ConcordanciaModificada-300x180.jpg 300w, https:\/\/www.appyweb.es\/diccionario\/wp-content\/uploads\/2024\/03\/ConcordanciaModificada-768x461.jpg 768w, https:\/\/www.appyweb.es\/diccionario\/wp-content\/uploads\/2024\/03\/ConcordanciaModificada.jpg 1000w\" sizes=\"auto, (max-width: 1103px) 100vw, 1103px\" \/><\/h1>\n<div class=\"entry-content\">\n<p>Es la configuraci\u00f3n de anuncios m\u00e1s reciente de Google Ads, la concordancia modificada, o amplia modificada, consiste en indicarle al sistema de anuncios ciertas palabras clave para\u00a0<strong>posicionar la publicidad de una empresa en la p\u00e1gina de resultados de b\u00fasqueda<\/strong>. \u00c9sta en especial permite tener un mayor alcance que la de \u201cfrase\u201d o la \u201camplia\u201d, es decir, con un mayor control de las keywords.<\/p>\n<h2><span id=\"%F0%9F%93%8C%C2%BFQue_es_la_Concordancia_Modificada\" class=\"ez-toc-section\"><\/span>\u00bfQu\u00e9 es la Concordancia Modificada?<\/h2>\n<p>Es una configuraci\u00f3n que se introduce al momento de editar los par\u00e1metros para el lanzamiento de\u00a0<a href=\"https:\/\/www.appyweb.es\/campanas-google-adwords\/\">la campa\u00f1a en Google Ads<\/a>. Se selecciona al momento de escribir las palabras clave o keywords que se utilizar\u00e1n para posicionar el anuncio. \u00c9sta en especial fue creada para\u00a0<strong>garantizarle al anunciante mayor control de la aparici\u00f3n del mismo<\/strong>, sin llegar a tener una modificaci\u00f3n amplia del todo.<\/p>\n<p>De esta forma, es posible ahorrar en la cantidad de impresiones o clics en el anuncio (el sistema de pago de Ads es PPC o pago por clic), as\u00ed, no es necesario pagar por usuarios que est\u00e1n buscando alg\u00fan tema relacionado con las keywords pero no les interesa comprar.<\/p>\n<h2><span id=\"%F0%9F%93%8C_%C2%BFPara_que_sirve_la_Concordancia_Modificada\" class=\"ez-toc-section\"><\/span>\u00bfPara qu\u00e9 sirve la Concordancia Modificada?<\/h2>\n<p>Su funci\u00f3n principal es\u00a0<strong>garantizar una mayor tasa de clics y de conversiones<\/strong>, es decir, evitar que las impresiones no sean de \u201ccalidad\u201d. Usualmente, con la amplia se registran muchas visualizaciones de pago que no son de calidad, es decir, los usuarios no est\u00e1n realmente interesados en adquirir.<\/p>\n<p>As\u00ed que con esta configuraci\u00f3n \u201cmodificada\u201d permite registrar usuarios que si est\u00e9n preparados para buscar opciones comerciales, para\u00a0<a href=\"https:\/\/www.appyweb.es\/conversion-web\/\">proceder con la correcta conversi\u00f3n web<\/a>. Sin embargo, los especialistas de Google recomiendan utilizar la configuraci\u00f3n con moderaci\u00f3n, de forma que el anunciante pueda\u00a0<strong>determinar cu\u00e1les son las palabras clave con mejor retorno de la inversi\u00f3n<\/strong>.<\/p>\n<h2><span id=\"%F0%9F%93%8C_%C2%BFComo_es_la_sintaxis_de_la_concordancia_modificada\" class=\"ez-toc-section\"><\/span>\u00bfC\u00f3mo es la sintaxis de la concordancia modificada?<\/h2>\n<p>Es muy similar a la amplia, solo es necesario incluir un signo de m\u00e1s (+) delante de la palabra clave que se introducir\u00e1 en la campa\u00f1a. Por ejemplo, \u201c+zapatillas\u201d, de esta forma, el anuncio solo aparecer\u00e1 en b\u00fasqueda de frases o palabras similares, por ejemplo, \u201czapatillas deportivas\u201d o \u201czapatillas baratas\u201d.<\/p>\n<p>Igualmente, se pueden introducir un mix de concordancias, como algunas dispuestas a la ampliaci\u00f3n. Por ejemplo \u201c+zapatillas deportivas\u201d. Esto quiere decir, que aparecer\u00e1 en b\u00fasquedas como \u201czapatillas de deportes\u201d. Si fuera al contrario, es decir \u201czapatillas +deportivas\u201d, aparecer\u00eda en b\u00fasquedas como \u201ccalzado deportivo\u201d.<\/p>\n<h2><span id=\"%F0%9F%93%8C_Ejemplo_de_Concordancia_Modificada\" class=\"ez-toc-section\"><\/span>Ejemplo de Concordancia Modificada<\/h2>\n<p>En este ejemplo se puede visualizar c\u00f3mo\u00a0<strong>ser\u00eda la edici\u00f3n de palabras clave dentro de la campa\u00f1a<\/strong>\u00a0una vez establecida la modificaci\u00f3n, es decir, despu\u00e9s de a\u00f1adir el signo de + en las correspondientes. La herramienta mostrar\u00e1 una lista de Querys para indicar en qu\u00e9 casos aparecer\u00e1 el anuncio.<\/p>\n<p>En este ejemplo gr\u00e1fico se puede notar un mix de configuraciones para \u201cmejor +pizzeria\u201d. Se puede notar que sus opciones incluyen \u201cmejor pizzer\u00eda\u201d (modificada con un acento), as\u00ed como algunas referencias a localizaciones.<\/p>\n<p>&nbsp;<\/p>\n<h2><span id=\"%F0%9F%93%8C_Mas_informacion_sobre_Concordancia_Modificada\" class=\"ez-toc-section\"><\/span>M\u00e1s informaci\u00f3n sobre Concordancia Modificada<\/h2>\n<ul>\n<li><a href=\"https:\/\/www.appyweb.es\/diccionario\/concordancia-amplia\/\">\u00bfQu\u00e9 es y para qu\u00e9 sirve la concordancia amplia?<\/a><\/li>\n<li><a href=\"https:\/\/support.google.com\/google-ads\/answer\/7042511?hl=es-419\" rel=\"nofollow noopener\" target=\"_blank\">C\u00f3mo configurar los modificadores de concordancia amplia<\/a>.<\/li>\n<\/ul>\n<\/div>\n<p>&nbsp;<\/p>\n","protected":false},"excerpt":{"rendered":"<p>Es la configuraci\u00f3n de anuncios m\u00e1s reciente de Google Ads, la concordancia modificada, o amplia modificada, consiste en indicarle al sistema de anuncios ciertas palabras clave para\u00a0posicionar la publicidad de una empresa en la p\u00e1gina de resultados de b\u00fasqueda. \u00c9sta en especial permite tener un mayor alcance que la de \u201cfrase\u201d o la \u201camplia\u201d, es [&hellip;]<\/p>\n","protected":false},"author":1,"featured_media":11707,"parent":0,"menu_order":0,"comment_status":"closed","ping_status":"closed","template":"","meta":{"inline_featured_image":false,"footnotes":""},"class_list":["post-838","page","type-page","status-publish","has-post-thumbnail","hentry"],"_links":{"self":[{"href":"https:\/\/www.appyweb.es\/diccionario\/wp-json\/wp\/v2\/pages\/838","targetHints":{"allow":["GET"]}}],"collection":[{"href":"https:\/\/www.appyweb.es\/diccionario\/wp-json\/wp\/v2\/pages"}],"about":[{"href":"https:\/\/www.appyweb.es\/diccionario\/wp-json\/wp\/v2\/types\/page"}],"author":[{"embeddable":true,"href":"https:\/\/www.appyweb.es\/diccionario\/wp-json\/wp\/v2\/users\/1"}],"replies":[{"embeddable":true,"href":"https:\/\/www.appyweb.es\/diccionario\/wp-json\/wp\/v2\/comments?post=838"}],"version-history":[{"count":5,"href":"https:\/\/www.appyweb.es\/diccionario\/wp-json\/wp\/v2\/pages\/838\/revisions"}],"predecessor-version":[{"id":11710,"href":"https:\/\/www.appyweb.es\/diccionario\/wp-json\/wp\/v2\/pages\/838\/revisions\/11710"}],"wp:featuredmedia":[{"embeddable":true,"href":"https:\/\/www.appyweb.es\/diccionario\/wp-json\/wp\/v2\/media\/11707"}],"wp:attachment":[{"href":"https:\/\/www.appyweb.es\/diccionario\/wp-json\/wp\/v2\/media?parent=838"}],"curies":[{"name":"wp","href":"https:\/\/api.w.org\/{rel}","templated":true}]}}