{"id":841,"date":"2023-06-20T10:31:18","date_gmt":"2023-06-20T10:31:18","guid":{"rendered":"https:\/\/www.appyweb.es\/diccionario\/?page_id=841"},"modified":"2024-03-21T09:17:06","modified_gmt":"2024-03-21T09:17:06","slug":"concordancia-negativa","status":"publish","type":"page","link":"https:\/\/www.appyweb.es\/diccionario\/concordancia-negativa\/","title":{"rendered":"Concordancia Negativa"},"content":{"rendered":"<h1 class=\"entry-title main_title\"><img loading=\"lazy\" decoding=\"async\" class=\"alignnone wp-image-11712\" src=\"https:\/\/www.appyweb.es\/diccionario\/wp-content\/uploads\/2024\/03\/ConcordanciaNegativa-300x180.jpg\" alt=\"Concordancia Negativa\" width=\"1138\" height=\"683\" srcset=\"https:\/\/www.appyweb.es\/diccionario\/wp-content\/uploads\/2024\/03\/ConcordanciaNegativa-300x180.jpg 300w, https:\/\/www.appyweb.es\/diccionario\/wp-content\/uploads\/2024\/03\/ConcordanciaNegativa-768x461.jpg 768w, https:\/\/www.appyweb.es\/diccionario\/wp-content\/uploads\/2024\/03\/ConcordanciaNegativa.jpg 1000w\" sizes=\"auto, (max-width: 1138px) 100vw, 1138px\" \/><\/h1>\n<div class=\"entry-content\">\n<p>Este t\u00e9rmino se utiliza para definir una configuraci\u00f3n en las campa\u00f1as de anuncios de Google Ads, la\u00a0<strong>concordancia negativa se utiliza para indicar cu\u00e1ndo no debe aparecer el anuncio<\/strong>. El anunciante debe especificar las palabras clave para evitar que el anuncio se muestre en b\u00fasquedas similares.<\/p>\n<h2><span id=\"%F0%9F%93%8C_%C2%BFQue_es\" class=\"ez-toc-section\"><\/span>\u00bfQu\u00e9 es?<\/h2>\n<p>Es un par\u00e1metro gramatical, que se usa dentro de la plataforma de anuncios de\u00a0<a href=\"https:\/\/www.appyweb.es\/campanas-google-adwords\/\">Google Adwords<\/a><em>.<\/em>\u00a0Forma parte de una lista de otras concordancias, como la amplia, de frase, modificada y exacta. \u00c9sta en especial, tiene la finalidad de\u00a0<strong>evitar t\u00e9rminos concretos en las b\u00fasquedas publicitarias<\/strong>, marcadas anteriormente por el anunciante<strong>.<\/strong><\/p>\n<p>Permite conseguir resultados muy espec\u00edficos, especialmente cuando no se quiere que se asocien con los productos o servicios del anuncio. Al mismo tiempo, permite que \u00e9ste se centre solo en las keywords indicadas, con la finalidad de captar usuarios realmente interesados. Mejora el control de las apariciones del anuncio, lo que tambi\u00e9n ahorrar\u00e1 costes en el proceso.<\/p>\n<h2><span id=\"%F0%9F%93%8C_%C2%BFPara_que_sirve_la_Concordancia_Negativa\" class=\"ez-toc-section\"><\/span>\u00bfPara qu\u00e9 sirve la Concordancia Negativa?<\/h2>\n<p>Se utiliza primordialmente para\u00a0<em>bloquear\u00a0<\/em>una palabra clave dentro de la b\u00fasqueda, incluyendo el s\u00edmbolo menos (-). Igualmente, al aplicar este bloqueo, no se aplica una configuraci\u00f3n exacta, es decir, que\u00a0<strong>el anuncio aparecer\u00e1 en las variantes m\u00e1s cercanas de esos t\u00e9rminos<\/strong>, como el singular, el plural, con errores ortogr\u00e1ficos, entre otros. Para verificar cu\u00e1les son estas variantes ve hasta la\u00a0<a href=\"https:\/\/www.appyweb.es\/diccionario\/concordancia-exacta\/\">definici\u00f3n de concordancia exacta<\/a>.<\/p>\n<p>Todas las palabras negativas se pueden incluir en listas ordenadas, igualmente, el sistema ofrecer\u00e1 una lista de querys para su aprobaci\u00f3n.<\/p>\n<h2><span id=\"%F0%9F%93%8C_%C2%BFComo_funcionan_las_palabras_clave_negativas\" class=\"ez-toc-section\"><\/span>\u00bfC\u00f3mo funcionan las palabras clave negativas?<\/h2>\n<p>La funci\u00f3n principal de estas keywords es permitir que la campa\u00f1a se oriente al sector m\u00e1s apropiado, eliminando su aparici\u00f3n de busquedas que incluso puedan ser contraproducentes. De esta forma, es necesario\u00a0<strong>hacer una lista de las palabras a las que no se desea orientar<\/strong>. Por ejemplo, keywords que puedan orientar a los usuarios a un tipo de producto similar pero no igual al del anuncio.<\/p>\n<p>En este caso, si un anunciante vende repuestos para bicicletas, quisiera evitar aparecer en b\u00fasquedas de anuncios como \u201crepuestos para coches\u201d, para eso se utiliza la configuraci\u00f3n negativa. Igualmente, es necesario mencionar que \u00e9sta concordancia no incluye par\u00e1metros cercanos, si el anunciante utiliza keywords negativas de \u201crepuestos para coches\u201d, entonces el anuncio no aparecer\u00e1 en \u201crepuestos para veh\u00edculos\u201d o \u201crepuestos para auto\u201d, pero s\u00ed aparecer\u00e1 en \u201crepuesto de coche\u201d (no responde a las similitudes cercanas, como el singular, no se aplica configuraci\u00f3n exacta)<\/p>\n<h2><span id=\"%F0%9F%93%8C_Ejemplo\" class=\"ez-toc-section\"><\/span>Ejemplo<\/h2>\n<p>En esta imagen se puede visualizar c\u00f3mo se lleva a cabo la configuraci\u00f3n, el anunciante introducir\u00e1 sus palabras clave para posicionar y seguidamente las negativas, en este caso est\u00e1n las keywords \u201cgran hotel juice\u201d y algunas localizaciones que se quieren evitar. A continuaci\u00f3n, se muestran las b\u00fasquedas sugeridas por la herramienta de Google Ads para la aparici\u00f3n del anuncio. Despu\u00e9s, el anunciante decidir\u00e1 cu\u00e1les utilizar y cu\u00e1les no.<\/p>\n<p>&nbsp;<\/p>\n<p>&nbsp;<\/p>\n<h2><span id=\"%F0%9F%93%8C_Mas_informacion_sobre_Concordancia_Negativa\" class=\"ez-toc-section\"><\/span>M\u00e1s informaci\u00f3n sobre Concordancia Negativa<\/h2>\n<ul>\n<li><a href=\"https:\/\/www.appyweb.es\/diccionario\/concordancia-modificada\/\">\u00bfQu\u00e9 es la concordancia modificada y para qu\u00e9 sirve?<\/a><\/li>\n<li><a href=\"https:\/\/support.google.com\/google-ads\/answer\/7102995\" rel=\"nofollow noopener\" target=\"_blank\">C\u00f3mo agregar palabras clave negativas a las campa\u00f1as<\/a>.<\/li>\n<\/ul>\n<\/div>\n<p>&nbsp;<\/p>\n","protected":false},"excerpt":{"rendered":"<p>Este t\u00e9rmino se utiliza para definir una configuraci\u00f3n en las campa\u00f1as de anuncios de Google Ads, la\u00a0concordancia negativa se utiliza para indicar cu\u00e1ndo no debe aparecer el anuncio. El anunciante debe especificar las palabras clave para evitar que el anuncio se muestre en b\u00fasquedas similares. \u00bfQu\u00e9 es? Es un par\u00e1metro gramatical, que se usa dentro [&hellip;]<\/p>\n","protected":false},"author":1,"featured_media":11712,"parent":0,"menu_order":0,"comment_status":"closed","ping_status":"closed","template":"","meta":{"inline_featured_image":false,"footnotes":""},"class_list":["post-841","page","type-page","status-publish","has-post-thumbnail","hentry"],"_links":{"self":[{"href":"https:\/\/www.appyweb.es\/diccionario\/wp-json\/wp\/v2\/pages\/841","targetHints":{"allow":["GET"]}}],"collection":[{"href":"https:\/\/www.appyweb.es\/diccionario\/wp-json\/wp\/v2\/pages"}],"about":[{"href":"https:\/\/www.appyweb.es\/diccionario\/wp-json\/wp\/v2\/types\/page"}],"author":[{"embeddable":true,"href":"https:\/\/www.appyweb.es\/diccionario\/wp-json\/wp\/v2\/users\/1"}],"replies":[{"embeddable":true,"href":"https:\/\/www.appyweb.es\/diccionario\/wp-json\/wp\/v2\/comments?post=841"}],"version-history":[{"count":5,"href":"https:\/\/www.appyweb.es\/diccionario\/wp-json\/wp\/v2\/pages\/841\/revisions"}],"predecessor-version":[{"id":11715,"href":"https:\/\/www.appyweb.es\/diccionario\/wp-json\/wp\/v2\/pages\/841\/revisions\/11715"}],"wp:featuredmedia":[{"embeddable":true,"href":"https:\/\/www.appyweb.es\/diccionario\/wp-json\/wp\/v2\/media\/11712"}],"wp:attachment":[{"href":"https:\/\/www.appyweb.es\/diccionario\/wp-json\/wp\/v2\/media?parent=841"}],"curies":[{"name":"wp","href":"https:\/\/api.w.org\/{rel}","templated":true}]}}