{"id":877,"date":"2023-06-20T10:47:00","date_gmt":"2023-06-20T10:47:00","guid":{"rendered":"https:\/\/www.appyweb.es\/diccionario\/?page_id=877"},"modified":"2024-03-21T09:17:45","modified_gmt":"2024-03-21T09:17:45","slug":"conexoo","status":"publish","type":"page","link":"https:\/\/www.appyweb.es\/diccionario\/conexoo\/","title":{"rendered":"Conexoo"},"content":{"rendered":"<h1 class=\"entry-title main_title\"><img loading=\"lazy\" decoding=\"async\" class=\"alignnone wp-image-11716\" src=\"https:\/\/www.appyweb.es\/diccionario\/wp-content\/uploads\/2024\/03\/Conexoo-300x180.jpg\" alt=\"Conexoo\" width=\"1118\" height=\"671\" srcset=\"https:\/\/www.appyweb.es\/diccionario\/wp-content\/uploads\/2024\/03\/Conexoo-300x180.jpg 300w, https:\/\/www.appyweb.es\/diccionario\/wp-content\/uploads\/2024\/03\/Conexoo-768x461.jpg 768w, https:\/\/www.appyweb.es\/diccionario\/wp-content\/uploads\/2024\/03\/Conexoo.jpg 1000w\" sizes=\"auto, (max-width: 1118px) 100vw, 1118px\" \/><\/h1>\n<div class=\"entry-content\">\n<p><a href=\"https:\/\/conexoo.com\/\" rel=\"nofollow noopener\" target=\"_blank\"><strong>Conexoo es un marketplace dedicado a la venta de enlaces<\/strong><\/a>, de forma que los usuarios que se dedican a la construcci\u00f3n de enlaces puedan comercializar o localizar las mejores opciones para aumentar el nivel de dominio de un sitio web.<\/p>\n<h2><span id=\"%F0%9F%93%8C_%C2%BFQue_es\" class=\"ez-toc-section\"><\/span>\u00bfQu\u00e9 es?<\/h2>\n<p>Se trata de una plataforma online que se dedica a la compra y venta de enlaces, estos productos son necesarios\u00a0<strong>para aumentar la autoridad de dominio de un sitio web<\/strong>. La pr\u00e1ctica que incluye t\u00e9cnicas de\u00a0<a href=\"https:\/\/www.appyweb.es\/link-building\/\">posicionamiento mediante backlinks se le conoce como link building<\/a>. Mientras m\u00e1s enlaces de calidad tenga un sitio web en Internet, m\u00e1s posibilidades tiene de llegar a la primera p\u00e1gina de resultados de b\u00fasqueda.<\/p>\n<h2><span id=\"%F0%9F%93%8C_%C2%BFPara_que_sirve\" class=\"ez-toc-section\"><\/span>\u00bfPara qu\u00e9 sirve?<\/h2>\n<p>Principalmente sirve para\u00a0<strong>desarrollar estrategias de link building de muy alta calidad<\/strong>, su tarea m\u00e1s importante es conectar a las empresas que venden un espacio de contenido en Internet, con las empresas que necesitan enlazarse y viceversa. De esta forma, le ofrece a los usuarios la posibilidad de encontrar una lista de los mejores sitios para posicionar enlaces y as\u00ed escalar en la p\u00e1gina de resultados.<\/p>\n<p>Anteriormente, la estrategia de la construcci\u00f3n de enlaces era penalizada por Google debido a que se utilizaban links de forma forzosa y desproporcionada, con ayuda de Conexoo se puede establecer una estrategia m\u00e1s natural y eficaz.<\/p>\n<h2><span id=\"%F0%9F%93%8C_%C2%BFComo_funciona_Conexoo\" class=\"ez-toc-section\"><\/span>\u00bfC\u00f3mo funciona Conexoo?<\/h2>\n<p>Para utilizar esta plataforma\u00a0<strong>es necesario crear una cuenta para ingresar al panel de usuario<\/strong>. All\u00ed se podr\u00e1 ver un men\u00fa en la columna izquierda de la pantalla, ofrece las siguientes opciones, comprar link en medios digitales o blogs, crear una campa\u00f1a de enlaces o revisar el historial de compra.<\/p>\n<p>Al hacer clic en la primera opci\u00f3n se puede\u00a0<strong>visualizar una lista de sitios que permiten enlazado<\/strong>, con algunas caracter\u00edsticas como puntuaciones, datos y precios en promedio. Igualmente, esta herramienta permite hacer una b\u00fasqueda filtrada para encontrar sitios m\u00e1s apropiados a las estrategias de los usuarios.<\/p>\n<p>Seguidamente, se selecciona la opci\u00f3n escogida para especificar los detalles de la compra del enlace, por ejemplo, el t\u00edtulo del contenido, el anchor text, la URL, entre otros aspectos.<\/p>\n<h2><span id=\"%F0%9F%93%8C_Servicios_de_Conexoo\" class=\"ez-toc-section\"><\/span>Servicios de Conexoo<\/h2>\n<ul>\n<li><strong>M\u00e9tricas<\/strong>: Ofrece una lista de herramientas de an\u00e1lisis\u00a0<strong>para que el usuario pueda determinar que el enlace comprado est\u00e1 optimizado<\/strong>\u00a0para aumentar su autoridad de dominio.<\/li>\n<li><strong>Enlaces posicionados<\/strong>: Es una opci\u00f3n que permite comprar links en contenidos ya posicionados en Google, de esta forma, se garantizan buenos resultados en la tasa de tr\u00e1fico.<\/li>\n<li><strong>Tem\u00e1tica<\/strong>: Esta funci\u00f3n se le conoce como Proximity y permite conocer cuando un sitio web cuenta con las palabras clave m\u00e1s importantes para una tem\u00e1tica.<\/li>\n<li><strong>Personalizaci\u00f3n<\/strong>: Permite que los usuarios accedan a un panel de edici\u00f3n de campa\u00f1as personalizadas, donde pueden escoger el t\u00edtulo, el anchor text y la URL de su compra.<\/li>\n<\/ul>\n<p>&nbsp;<\/p>\n<h2><span id=\"%F0%9F%93%8C_Mas_informacion_sobre_Conexoo\" class=\"ez-toc-section\"><\/span>M\u00e1s informaci\u00f3n sobre Conexoo<\/h2>\n<ul>\n<li><a href=\"https:\/\/www.appyweb.es\/10-ejemplos-linkbuilding-posicionar-web\/\">10 ejemplos de link building para posicionar tu web<\/a>.<\/li>\n<li><a href=\"https:\/\/conexoo.com\/blog\/cliente-como-funciona\/\" rel=\"nofollow noopener\" target=\"_blank\">C\u00f3mo crear una cuenta de colaborador o cliente en Conexoo<\/a>.<\/li>\n<\/ul>\n<\/div>\n<p>&nbsp;<\/p>\n","protected":false},"excerpt":{"rendered":"<p>Conexoo es un marketplace dedicado a la venta de enlaces, de forma que los usuarios que se dedican a la construcci\u00f3n de enlaces puedan comercializar o localizar las mejores opciones para aumentar el nivel de dominio de un sitio web. \u00bfQu\u00e9 es? Se trata de una plataforma online que se dedica a la compra y [&hellip;]<\/p>\n","protected":false},"author":1,"featured_media":11716,"parent":0,"menu_order":0,"comment_status":"closed","ping_status":"closed","template":"","meta":{"inline_featured_image":false,"footnotes":""},"class_list":["post-877","page","type-page","status-publish","has-post-thumbnail","hentry"],"_links":{"self":[{"href":"https:\/\/www.appyweb.es\/diccionario\/wp-json\/wp\/v2\/pages\/877","targetHints":{"allow":["GET"]}}],"collection":[{"href":"https:\/\/www.appyweb.es\/diccionario\/wp-json\/wp\/v2\/pages"}],"about":[{"href":"https:\/\/www.appyweb.es\/diccionario\/wp-json\/wp\/v2\/types\/page"}],"author":[{"embeddable":true,"href":"https:\/\/www.appyweb.es\/diccionario\/wp-json\/wp\/v2\/users\/1"}],"replies":[{"embeddable":true,"href":"https:\/\/www.appyweb.es\/diccionario\/wp-json\/wp\/v2\/comments?post=877"}],"version-history":[{"count":5,"href":"https:\/\/www.appyweb.es\/diccionario\/wp-json\/wp\/v2\/pages\/877\/revisions"}],"predecessor-version":[{"id":11718,"href":"https:\/\/www.appyweb.es\/diccionario\/wp-json\/wp\/v2\/pages\/877\/revisions\/11718"}],"wp:featuredmedia":[{"embeddable":true,"href":"https:\/\/www.appyweb.es\/diccionario\/wp-json\/wp\/v2\/media\/11716"}],"wp:attachment":[{"href":"https:\/\/www.appyweb.es\/diccionario\/wp-json\/wp\/v2\/media?parent=877"}],"curies":[{"name":"wp","href":"https:\/\/api.w.org\/{rel}","templated":true}]}}