{"id":894,"date":"2023-06-20T10:52:48","date_gmt":"2023-06-20T10:52:48","guid":{"rendered":"https:\/\/www.appyweb.es\/diccionario\/?page_id=894"},"modified":"2024-03-21T09:25:25","modified_gmt":"2024-03-21T09:25:25","slug":"contrabriefing","status":"publish","type":"page","link":"https:\/\/www.appyweb.es\/diccionario\/contrabriefing\/","title":{"rendered":"Contrabriefing"},"content":{"rendered":"<h1 class=\"entry-title main_title\"><img loading=\"lazy\" decoding=\"async\" class=\"alignnone wp-image-11792\" src=\"https:\/\/www.appyweb.es\/diccionario\/wp-content\/uploads\/2024\/03\/Contrabriefing-300x180.jpg\" alt=\"Contrabriefing\" width=\"1118\" height=\"671\" srcset=\"https:\/\/www.appyweb.es\/diccionario\/wp-content\/uploads\/2024\/03\/Contrabriefing-300x180.jpg 300w, https:\/\/www.appyweb.es\/diccionario\/wp-content\/uploads\/2024\/03\/Contrabriefing-768x461.jpg 768w, https:\/\/www.appyweb.es\/diccionario\/wp-content\/uploads\/2024\/03\/Contrabriefing.jpg 1000w\" sizes=\"auto, (max-width: 1118px) 100vw, 1118px\" \/><\/h1>\n<div class=\"entry-content\">\n<p>El contrabriefing es\u00a0<strong>un documento que realiza una agencia de marketing digital<\/strong>\u00a0en respuesta a las instrucciones de un cliente. Este puede contener ideas contrarias a las planteadas por el usuario, o incluso un par de sugerencias, tambi\u00e9n explica las razones de por qu\u00e9 est\u00e1n en contra de esas ideas.<\/p>\n<h2><span id=\"%F0%9F%93%8C_%C2%BFQue_es\" class=\"ez-toc-section\"><\/span>\u00bfQu\u00e9 es?<\/h2>\n<p>Se puede definir el contrabriefing como una\u00a0<strong>respuesta de una agencia de marketing a la propuesta de publicidad de un cliente<\/strong>\u00a0o una acotaci\u00f3n del mismo. En primer lugar, el cliente manda un briefing explicando detalladamente las ideas para su campa\u00f1a de marketing, pero bien la agencia puede aceptarlo o no, exponiendo sus motivos (razones, sugerencias o exigencias) en otro documento.<\/p>\n<p>El papel puede explicar conceptos distintos a los propuestos, as\u00ed como las razones por las que la agencia se encuentra en desacuerdo con la idea principal. De esta forma, busca plantear mejores estrategias y la mejor ruta para realizar\u00a0<a href=\"https:\/\/www.appyweb.es\/marketing-de-atraccion\/\">una gran campa\u00f1a de marketing<\/a>.<\/p>\n<p>El contrabriefing es m\u00e1s com\u00fan de lo que se puede pensar, ya que se trata de un m\u00e9todo m\u00e1s formal de\u00a0<strong>exponer los desacuerdos expuestos en discusiones anteriores<\/strong>, que bien puede ser sobre el dise\u00f1o o el contenido de un sitio web. De esta forma, ambas partes pueden llegar a un acuerdo aprovechando argumentos v\u00e1lidos y comprobados.<\/p>\n<p>En las agencias de marketing esta pr\u00e1ctica se considera como un m\u00e9todo de \u00e9xito, sobre todo para encontrar un escenario que cumpla con todas las expectativas de ambas partes. Esto hace que las ideas se logren fusionar en una sola y la propuesta final sea un completo \u00e9xito.<\/p>\n<h2><span id=\"%F0%9F%93%8C_%C2%BFPara_que_sirve_el_Contrabriefing\" class=\"ez-toc-section\"><\/span>\u00bfPara qu\u00e9 sirve el Contrabriefing?<\/h2>\n<p>Su funci\u00f3n principal es\u00a0<strong>corregir errores en la propuesta inicial del cliente<\/strong>, la mayor\u00eda de las veces se lleva a cabo al contratar los\u00a0<a href=\"https:\/\/www.appyweb.es\/razones-para-contratarnos\/\">servicios de una agencia de publicidad y marketing<\/a>. De esta forma, el usuario puede acceder a propuestas m\u00e1s ajustadas a sus expectativas y aprovechar la experiencia de los profesionales contratados.<\/p>\n<p>Los errores a veces tienen que ver con objetivos pocos realistas, captaci\u00f3n de audiencias fuera del sector o la utilizaci\u00f3n de canales poco favorables para las estrategias planteadas.<\/p>\n<p>La idea de\u00a0<strong>este documento tambi\u00e9n permite combinar perspectivas<\/strong>, de forma que ambas partes sean complacidas por igual. Pero, siempre en pro de los objetivos del cliente.<\/p>\n<h2><span id=\"%F0%9F%93%8C_Como_hacer_un_Contrabriefing\" class=\"ez-toc-section\"><\/span>C\u00f3mo hacer un Contrabriefing<\/h2>\n<p>Este documento suele tener una estructura muy espec\u00edfica, Los profesionales encargados de redactarlo tambi\u00e9n\u00a0<strong>deben investigar muy bien a su cliente<\/strong>\u00a0(y a su mercado) para entender mejor su propuesta, la estructura se comprende de los siguientes apartados.<\/p>\n<ul>\n<li><strong>Background<\/strong>: Consiste en explicar la situaci\u00f3n actual de la empresa, en esta parte inicial se deben\u00a0<strong>nombrar los antecedentes y los datos de las campa\u00f1as anteriores<\/strong>, as\u00ed como de los competidores.<\/li>\n<li><strong>Factores clave<\/strong>: Son todos los puntos positivos y negativos que la agencia haya extra\u00eddo del brief inicial del cliente.<\/li>\n<li><strong>Oportunidades y amenazas<\/strong>: En este apartado se analizan los factores nombrados anteriormente y se interpretan seg\u00fan sean oportunidades o amenazas. Asimismo, tambi\u00e9n se debe explicar porque son amenazas y cu\u00e1les son las mejores formas de aprovechar las oportunidades.<\/li>\n<\/ul>\n<h2><span id=\"%F0%9F%93%8C_Contrabriefing_ejemplo\" class=\"ez-toc-section\"><\/span>Contrabriefing ejemplo<\/h2>\n<p>En esta imagen se puede visualizar un \u00edndice de un documento de contrabriefing para una empresa de bebidas alcoh\u00f3licas,\u00a0<strong>en primer lugar definen la investigaci\u00f3n de mercado<\/strong>, nombrando antecedentes y datos de la competencia. En la segunda parte exponen las estrategias, incluido de un esquema DAFO para explicar las oportunidades y amenazas.<\/p>\n<p>Por \u00faltimo, proponen una t\u00e9cnica nueva de creatividad, as\u00ed como un nuevo manual de identidad para fortalecer las propuestas iniciales.<\/p>\n<p>&nbsp;<\/p>\n<h2><span id=\"%F0%9F%93%8C_Mas_informacion_sobre_Contrabriefing\" class=\"ez-toc-section\"><\/span>M\u00e1s informaci\u00f3n sobre Contrabriefing<\/h2>\n<ul>\n<li><a href=\"https:\/\/www.appyweb.es\/diccionario\/briefing\/\">\u00bfQu\u00e9 es Briefing y para qu\u00e9 sirve?<\/a><\/li>\n<li><a href=\"https:\/\/www.docsity.com\/es\/brief-y-contrabrief-herramientas-para-desarrollar-una-campana\/4468657\/\" rel=\"nofollow noopener\" target=\"_blank\">Brief y contrabrief, herramientas para desarrollar una campa\u00f1a<\/a>.<\/li>\n<\/ul>\n<\/div>\n<p>&nbsp;<\/p>\n","protected":false},"excerpt":{"rendered":"<p>El contrabriefing es\u00a0un documento que realiza una agencia de marketing digital\u00a0en respuesta a las instrucciones de un cliente. Este puede contener ideas contrarias a las planteadas por el usuario, o incluso un par de sugerencias, tambi\u00e9n explica las razones de por qu\u00e9 est\u00e1n en contra de esas ideas. \u00bfQu\u00e9 es? Se puede definir el contrabriefing [&hellip;]<\/p>\n","protected":false},"author":1,"featured_media":11792,"parent":0,"menu_order":0,"comment_status":"closed","ping_status":"closed","template":"","meta":{"inline_featured_image":false,"footnotes":""},"class_list":["post-894","page","type-page","status-publish","has-post-thumbnail","hentry"],"_links":{"self":[{"href":"https:\/\/www.appyweb.es\/diccionario\/wp-json\/wp\/v2\/pages\/894","targetHints":{"allow":["GET"]}}],"collection":[{"href":"https:\/\/www.appyweb.es\/diccionario\/wp-json\/wp\/v2\/pages"}],"about":[{"href":"https:\/\/www.appyweb.es\/diccionario\/wp-json\/wp\/v2\/types\/page"}],"author":[{"embeddable":true,"href":"https:\/\/www.appyweb.es\/diccionario\/wp-json\/wp\/v2\/users\/1"}],"replies":[{"embeddable":true,"href":"https:\/\/www.appyweb.es\/diccionario\/wp-json\/wp\/v2\/comments?post=894"}],"version-history":[{"count":4,"href":"https:\/\/www.appyweb.es\/diccionario\/wp-json\/wp\/v2\/pages\/894\/revisions"}],"predecessor-version":[{"id":11793,"href":"https:\/\/www.appyweb.es\/diccionario\/wp-json\/wp\/v2\/pages\/894\/revisions\/11793"}],"wp:featuredmedia":[{"embeddable":true,"href":"https:\/\/www.appyweb.es\/diccionario\/wp-json\/wp\/v2\/media\/11792"}],"wp:attachment":[{"href":"https:\/\/www.appyweb.es\/diccionario\/wp-json\/wp\/v2\/media?parent=894"}],"curies":[{"name":"wp","href":"https:\/\/api.w.org\/{rel}","templated":true}]}}