{"id":976,"date":"2023-06-20T11:34:03","date_gmt":"2023-06-20T11:34:03","guid":{"rendered":"https:\/\/www.appyweb.es\/diccionario\/?page_id=976"},"modified":"2024-03-21T10:46:43","modified_gmt":"2024-03-21T10:46:43","slug":"crm","status":"publish","type":"page","link":"https:\/\/www.appyweb.es\/diccionario\/crm\/","title":{"rendered":"CRM"},"content":{"rendered":"<h1 class=\"entry-title main_title\"><img loading=\"lazy\" decoding=\"async\" class=\"alignnone wp-image-11936\" src=\"https:\/\/www.appyweb.es\/diccionario\/wp-content\/uploads\/2024\/03\/crm-300x180.jpg\" alt=\"crm\" width=\"1117\" height=\"670\" srcset=\"https:\/\/www.appyweb.es\/diccionario\/wp-content\/uploads\/2024\/03\/crm-300x180.jpg 300w, https:\/\/www.appyweb.es\/diccionario\/wp-content\/uploads\/2024\/03\/crm-768x461.jpg 768w, https:\/\/www.appyweb.es\/diccionario\/wp-content\/uploads\/2024\/03\/crm.jpg 1000w\" sizes=\"auto, (max-width: 1117px) 100vw, 1117px\" \/><\/h1>\n<div class=\"entry-content\">\n<p>El\u00a0<em>customer relationship management<\/em>\u00a0o CRM es conocido como un modelo de gesti\u00f3n o administraci\u00f3n de un negocio, que utiliza como base fundamental \u201cla relaci\u00f3n estrecha con los clientes\u201d como la clave del \u00e9xito de una empresa, marca o tienda online.<\/p>\n<h2><span id=\"%F0%9F%93%8C_%C2%BFQue_es_CRM\" class=\"ez-toc-section\"><\/span>\u00bfQu\u00e9 es CRM?<\/h2>\n<p>El CRM o customer relationship manager (gesti\u00f3n de la relaci\u00f3n con el cliente) se refiere a un modelo de gesti\u00f3n que se basa en construir una marca con una relaci\u00f3n fuerte con el cliente. Tambi\u00e9n suele trabajar de la mano con el marketing relacional, de forma que se puedan establecer\u00a0<a href=\"https:\/\/www.appyweb.es\/conversion-web\/\">t\u00e9cnicas de conversi\u00f3n web m\u00e1s atractivas<\/a>\u00a0y que cubran las expectativas de los usuarios.<\/p>\n<p>Tambi\u00e9n es el nombre que se le da a los\u00a0<strong>sistemas que se encargan de esa gesti\u00f3n de forma totalmente automatizada<\/strong>. Consiste en una serie de procesos inform\u00e1ticos que tambi\u00e9n influye en el marketing y las ventas de la empresa, estos tambi\u00e9n suelen almacenar informaci\u00f3n en una base de datos de clientes, para luego utilizarla en estrategias m\u00e1s efectivas.<\/p>\n<h2><span id=\"%F0%9F%93%8C_%C2%BFPara_que_sirve\" class=\"ez-toc-section\"><\/span>\u00bfPara qu\u00e9 sirve?<\/h2>\n<p>La funci\u00f3n principal de las estrategias o sistemas de CRM es clasificar a los\u00a0<a href=\"https:\/\/www.appyweb.es\/embudo-ventas-e-commerce\/\">contactos y clientes dentro del embudo de ventas<\/a>. Normalmente, el objetivo es determinar\u00a0<strong>cu\u00e1les son los usuarios que est\u00e1n m\u00e1s preparados para la compra<\/strong>\u00a0y cu\u00e1les requieren de mayor \u201catenci\u00f3n\u201d para proceder. Aqu\u00ed tambi\u00e9n se descartan los usuarios que no respondan a las campa\u00f1as o no tengan inter\u00e9s en la empresa a largo plazo.<\/p>\n<p>Al mismo tiempo, esta gesti\u00f3n almacena la informaci\u00f3n del cliente seg\u00fan su actividad reciente, como sus intereses, preferencias, necesidades y problemas. Mientras m\u00e1s informaci\u00f3n se almacene m\u00e1s personalizadas ser\u00e1n las propuestas comerciales, de forma que la realizaci\u00f3n de la compra y fidelizaci\u00f3n est\u00e9n garantizadas.<\/p>\n<h2><span id=\"%F0%9F%93%8C_Usos_del_CRM_en_marketing\" class=\"ez-toc-section\"><\/span>Usos del CRM en marketing<\/h2>\n<ul>\n<li>Permite la segmentaci\u00f3n de los contactos, para mejorar las propuestas comerciales.<\/li>\n<li>Creaci\u00f3n de listas de contactos para estrategias de email marketing en conjunto.<\/li>\n<li>Configuraci\u00f3n de perfiles para a\u00f1adir nuevos, datos o notas seg\u00fan la experiencia con el cliente.<\/li>\n<li><strong>Exportaci\u00f3n de las listas en diferentes formatos<\/strong>.<\/li>\n<li>Admite el seguimiento de las actividades de cada cliente.<\/li>\n<li>Los sistemas pueden generar informes de las campa\u00f1as para evaluar la tasa de engagement o compromiso del cliente.<\/li>\n<li>Se pueden realizar campa\u00f1as de marketing para diferentes canales, email, redes sociales, messenger y m\u00e1s.<\/li>\n<\/ul>\n<h2><span id=\"%F0%9F%93%8C_Software_de_CRM\" class=\"ez-toc-section\"><\/span>Software de CRM<\/h2>\n<p>En el mercado existen muchos de estos\u00a0<strong>sistemas relacionados con la gesti\u00f3n de la relaci\u00f3n con el cliente<\/strong>, todos buscan automatizar procesos y almacenar la informaci\u00f3n del usuario, pero existen algunos que son m\u00e1s populares, como los siguientes.<\/p>\n<ul>\n<li>La aplicaci\u00f3n Business Suite de SAP.<\/li>\n<li>Sales Cloud de Salesforce.<\/li>\n<li>ADM Cloud de ForTech.<\/li>\n<li>Dymanics de Microsoft.<\/li>\n<\/ul>\n<p>&nbsp;<\/p>\n<h2><span id=\"%F0%9F%93%8C_Mas_informacion_sobre_CRM\" class=\"ez-toc-section\"><\/span>M\u00e1s informaci\u00f3n sobre CRM<\/h2>\n<ul>\n<li><a href=\"https:\/\/www.appyweb.es\/5-practicas-rentables-automatizacion-email-marketing-pymes\/\">5 pr\u00e1cticas rentables de automatizaci\u00f3n de email marketing<\/a>.<\/li>\n<li><a href=\"https:\/\/es.wikipedia.org\/wiki\/Customer_relationship_management#Ejemplo_de_tres_procesos_que_mejoran_gracias_a_un_CRM\" rel=\"nofollow noopener\" target=\"_blank\">Ejemplo de tres procesos que mejoran gracias a un CRM<\/a>.<\/li>\n<\/ul>\n<\/div>\n<p>&nbsp;<\/p>\n","protected":false},"excerpt":{"rendered":"<p>El\u00a0customer relationship management\u00a0o CRM es conocido como un modelo de gesti\u00f3n o administraci\u00f3n de un negocio, que utiliza como base fundamental \u201cla relaci\u00f3n estrecha con los clientes\u201d como la clave del \u00e9xito de una empresa, marca o tienda online. \u00bfQu\u00e9 es CRM? El CRM o customer relationship manager (gesti\u00f3n de la relaci\u00f3n con el cliente) [&hellip;]<\/p>\n","protected":false},"author":1,"featured_media":11936,"parent":0,"menu_order":0,"comment_status":"closed","ping_status":"closed","template":"","meta":{"inline_featured_image":false,"footnotes":""},"class_list":["post-976","page","type-page","status-publish","has-post-thumbnail","hentry"],"_links":{"self":[{"href":"https:\/\/www.appyweb.es\/diccionario\/wp-json\/wp\/v2\/pages\/976","targetHints":{"allow":["GET"]}}],"collection":[{"href":"https:\/\/www.appyweb.es\/diccionario\/wp-json\/wp\/v2\/pages"}],"about":[{"href":"https:\/\/www.appyweb.es\/diccionario\/wp-json\/wp\/v2\/types\/page"}],"author":[{"embeddable":true,"href":"https:\/\/www.appyweb.es\/diccionario\/wp-json\/wp\/v2\/users\/1"}],"replies":[{"embeddable":true,"href":"https:\/\/www.appyweb.es\/diccionario\/wp-json\/wp\/v2\/comments?post=976"}],"version-history":[{"count":4,"href":"https:\/\/www.appyweb.es\/diccionario\/wp-json\/wp\/v2\/pages\/976\/revisions"}],"predecessor-version":[{"id":11937,"href":"https:\/\/www.appyweb.es\/diccionario\/wp-json\/wp\/v2\/pages\/976\/revisions\/11937"}],"wp:featuredmedia":[{"embeddable":true,"href":"https:\/\/www.appyweb.es\/diccionario\/wp-json\/wp\/v2\/media\/11936"}],"wp:attachment":[{"href":"https:\/\/www.appyweb.es\/diccionario\/wp-json\/wp\/v2\/media?parent=976"}],"curies":[{"name":"wp","href":"https:\/\/api.w.org\/{rel}","templated":true}]}}