{"id":999,"date":"2023-06-20T11:41:11","date_gmt":"2023-06-20T11:41:11","guid":{"rendered":"https:\/\/www.appyweb.es\/diccionario\/?page_id=999"},"modified":"2024-03-21T11:57:35","modified_gmt":"2024-03-21T11:57:35","slug":"cuentas-trampa","status":"publish","type":"page","link":"https:\/\/www.appyweb.es\/diccionario\/cuentas-trampa\/","title":{"rendered":"Cuentas trampa"},"content":{"rendered":"<p><img loading=\"lazy\" decoding=\"async\" class=\"alignnone  wp-image-11982\" src=\"https:\/\/www.appyweb.es\/diccionario\/wp-content\/uploads\/2024\/03\/cuentas-trampas-300x180.jpg\" alt=\"Cuentas trampas\" width=\"1148\" height=\"689\" srcset=\"https:\/\/www.appyweb.es\/diccionario\/wp-content\/uploads\/2024\/03\/cuentas-trampas-300x180.jpg 300w, https:\/\/www.appyweb.es\/diccionario\/wp-content\/uploads\/2024\/03\/cuentas-trampas-768x461.jpg 768w, https:\/\/www.appyweb.es\/diccionario\/wp-content\/uploads\/2024\/03\/cuentas-trampas.jpg 1000w\" sizes=\"auto, (max-width: 1148px) 100vw, 1148px\" \/><\/p>\n<div class=\"entry-content\">\n<p>Es un t\u00e9rmino muy utilizado en email marketing, las cuentas trampa son direcciones de correo electr\u00f3nico que utilizan los proveedores de email\u00a0<strong>para detectar actividades de spam<\/strong>. Tambi\u00e9n son conocidas como\u00a0<em>spamtraps<\/em>, si un distribuidor de email masivo cae en una de estas puede pasar a formar parte de una lista negra de env\u00edos.<\/p>\n<h2><span id=\"%F0%9F%93%8C_%C2%BFQue_es\" class=\"ez-toc-section\"><\/span>\u00bfQu\u00e9 es?<\/h2>\n<p>Las cuentas trampas son direcciones email que utilizan plataformas como Outlook o Hotmail, Gmail, Yahoo, etc. Para reconocer a los remitentes que a\u00f1aden direcciones de correo a listas de env\u00edos\u00a0<strong>que no tienen la autorizaci\u00f3n de los due\u00f1os<\/strong>. Son previsiones del\u00a0<a href=\"https:\/\/www.appyweb.es\/email-marketing-para-empresas\/\">email marketing para evitar el spam<\/a>\u00a0o los correos basura.<\/p>\n<p>Al caer en una de estas spamtrap, el remitente se a\u00f1ade en una lista negra autom\u00e1ticamente, tambi\u00e9n conocida como\u00a0<em>blacklist<\/em>. Estas son utilizadas\u00a0<strong>para denominar a los usuarios que siguen pr\u00e1cticas de env\u00edos poco \u00e9ticas<\/strong>, de forma que todos sus nuevos correos vayan a parar a la bandeja de spam, interfiriendo as\u00ed en sus estrategias de promoci\u00f3n.<\/p>\n<h2><span id=\"%F0%9F%93%8C_Origen\" class=\"ez-toc-section\"><\/span>Origen<\/h2>\n<p>La expresi\u00f3n \u201ccuentas trampas\u201d es una traducci\u00f3n al espa\u00f1ol de la palabra\u00a0<em>spamtrap<\/em>, que se origin\u00f3 como\u00a0<strong>una terminolog\u00eda inform\u00e1tica para mecanismos de seguridad<\/strong>, especialmente aquellos que utilizan las plataformas de email. Empez\u00f3 a utilizarse en la industria del env\u00edo de email para reducir la cantidad de correo basura o mensajes no autorizados en Internet.<\/p>\n<h2><span id=\"%F0%9F%93%8C_%C2%BFComo_funciona\" class=\"ez-toc-section\"><\/span>\u00bfC\u00f3mo funciona?<\/h2>\n<p>Los proveedores de email se encargan de crear\u00a0<strong>una cuenta o una direcci\u00f3n que realmente no existe<\/strong>\u00a0o no pertenece a ning\u00fan usuario, en ocasiones tambi\u00e9n utilizan direcciones abandonadas. Normalmente, las direcciones nuevas suelen ser a\u00f1adidas en listas de contactos que son vendidas a empresas, que despu\u00e9s las utilizan para hacer sus campa\u00f1as de env\u00edos de publicidad, a usuarios que no han solicitado dicho env\u00edo.<\/p>\n<p>Pero \u00e9sta cuenta en espec\u00edfico va a utilizarse para detectar cu\u00e1les son esas empresas, de forma que despu\u00e9s se a\u00f1ade la direcci\u00f3n del remitente a una lista negra. Esto se debe a que\u00a0<strong>la compra de contactos es una pr\u00e1ctica poco \u00e9tica<\/strong>\u00a0que busca la masificaci\u00f3n de campa\u00f1as, incluso sin obtener el permiso de los usuarios de esas direcciones.<\/p>\n<h2><span id=\"%F0%9F%93%8C_%C2%BFComo_reconocer_una_cuenta_trampa\" class=\"ez-toc-section\"><\/span>\u00bfC\u00f3mo reconocer una cuenta trampa?<\/h2>\n<p>Para llevar a cabo este reconocimiento, los proveedores de env\u00edos utilizan los algoritmos, o los crawlers del mismo sistema de env\u00edos, para analizar las direcciones detectadas con spam. Estos sistemas tienen c\u00f3digos y c\u00e1lculos no p\u00fablicos, por lo que\u00a0<strong>es imposible tratar de determinar cu\u00e1ndo se trata de una cuenta trampa<\/strong>.<\/p>\n<p>Por lo tanto los usuarios no pueden reconocer el spamtrap f\u00e1cilmente, lo que puede ser una ventaja para el objetivo de esta estrategia por parte de los proveedores, ya que se busca atrapar a los remitentes poco \u00e9ticos con \u201clas manos en la masa\u201d.<\/p>\n<p>&nbsp;<\/p>\n<h2><span id=\"%F0%9F%93%8C_Mas_informacion_sobre_cuentas_trampa\" class=\"ez-toc-section\"><\/span>M\u00e1s informaci\u00f3n sobre cuentas trampa<\/h2>\n<ul>\n<li><a href=\"https:\/\/www.appyweb.es\/practicas-email-marketing-triunfar\/\">4 excelentes pr\u00e1cticas para email marketing que te har\u00e1n triunfar<\/a>.<\/li>\n<li><a href=\"https:\/\/www.ticbeat.com\/lab\/como-evitar-rebote-duro-email-marketing\/\" rel=\"nofollow noopener\" target=\"_blank\">C\u00f3mo evitar rebotes, listas negras y spam-traps en el email marketing<\/a>.<\/li>\n<\/ul>\n<\/div>\n<p>&nbsp;<\/p>\n","protected":false},"excerpt":{"rendered":"<p>Es un t\u00e9rmino muy utilizado en email marketing, las cuentas trampa son direcciones de correo electr\u00f3nico que utilizan los proveedores de email\u00a0para detectar actividades de spam. Tambi\u00e9n son conocidas como\u00a0spamtraps, si un distribuidor de email masivo cae en una de estas puede pasar a formar parte de una lista negra de env\u00edos. \u00bfQu\u00e9 es? Las [&hellip;]<\/p>\n","protected":false},"author":1,"featured_media":11982,"parent":0,"menu_order":0,"comment_status":"closed","ping_status":"closed","template":"","meta":{"inline_featured_image":false,"footnotes":""},"class_list":["post-999","page","type-page","status-publish","has-post-thumbnail","hentry"],"_links":{"self":[{"href":"https:\/\/www.appyweb.es\/diccionario\/wp-json\/wp\/v2\/pages\/999","targetHints":{"allow":["GET"]}}],"collection":[{"href":"https:\/\/www.appyweb.es\/diccionario\/wp-json\/wp\/v2\/pages"}],"about":[{"href":"https:\/\/www.appyweb.es\/diccionario\/wp-json\/wp\/v2\/types\/page"}],"author":[{"embeddable":true,"href":"https:\/\/www.appyweb.es\/diccionario\/wp-json\/wp\/v2\/users\/1"}],"replies":[{"embeddable":true,"href":"https:\/\/www.appyweb.es\/diccionario\/wp-json\/wp\/v2\/comments?post=999"}],"version-history":[{"count":5,"href":"https:\/\/www.appyweb.es\/diccionario\/wp-json\/wp\/v2\/pages\/999\/revisions"}],"predecessor-version":[{"id":11984,"href":"https:\/\/www.appyweb.es\/diccionario\/wp-json\/wp\/v2\/pages\/999\/revisions\/11984"}],"wp:featuredmedia":[{"embeddable":true,"href":"https:\/\/www.appyweb.es\/diccionario\/wp-json\/wp\/v2\/media\/11982"}],"wp:attachment":[{"href":"https:\/\/www.appyweb.es\/diccionario\/wp-json\/wp\/v2\/media?parent=999"}],"curies":[{"name":"wp","href":"https:\/\/api.w.org\/{rel}","templated":true}]}}